CRAN Package Check Results for Package ppmlasso

Last updated on 2024-07-13 06:49:48 CEST.

Flavor Version Tinstall Tcheck Ttotal Status Flags
r-devel-linux-x86_64-debian-clang 1.4 11.93 149.35 161.28 OK
r-devel-linux-x86_64-debian-gcc 1.4 12.03 114.82 126.85 OK
r-devel-linux-x86_64-fedora-clang 1.4 208.57 OK
r-devel-linux-x86_64-fedora-gcc 1.4 192.42 OK
r-devel-windows-x86_64 1.4 12.00 130.00 142.00 NOTE
r-patched-linux-x86_64 1.4 9.38 145.84 155.22 OK
r-release-linux-x86_64 1.4 8.66 149.95 158.61 OK
r-release-macos-arm64 1.4 57.00 OK
r-release-macos-x86_64 1.4 87.00 OK
r-release-windows-x86_64 1.4 12.00 130.00 142.00 OK
r-oldrel-macos-arm64 1.4 78.00 OK
r-oldrel-macos-x86_64 1.4 143.00 OK
r-oldrel-windows-x86_64 1.4 17.00 154.00 171.00 OK

Check Details

Version: 1.4
Check: Rd cross-references
Result: NOTE Found the following Rd file(s) with Rd \link{} targets missing package anchors: envelope-methods.Rd: envelope Please provide package anchors for all Rd \link{} targets not in the package itself and the base packages. Flavor: r-devel-windows-x86_64