CRAN Package Check Results for Package ppgmmga

Last updated on 2022-05-20 12:53:32 CEST.

Flavor Version Tinstall Tcheck Ttotal Status Flags
r-devel-linux-x86_64-debian-clang 1.2 53.76 190.03 243.79 NOTE
r-devel-linux-x86_64-debian-gcc 1.2 47.90 129.59 177.49 NOTE
r-devel-linux-x86_64-fedora-clang 1.2 305.03 NOTE
r-devel-linux-x86_64-fedora-gcc 1.2 284.09 NOTE
r-devel-windows-x86_64 1.2 48.00 214.00 262.00 NOTE
r-patched-linux-x86_64 1.2 51.81 185.01 236.82 NOTE
r-release-linux-x86_64 1.2 50.82 182.29 233.11 NOTE
r-release-macos-arm64 1.2 77.00 NOTE
r-release-macos-x86_64 1.2 123.00 NOTE
r-release-windows-x86_64 1.2 48.00 218.00 266.00 NOTE
r-oldrel-macos-arm64 1.2 70.00 NOTE
r-oldrel-macos-x86_64 1.2 97.00 NOTE
r-oldrel-windows-ix86+x86_64 1.2 141.00 125.00 266.00 NOTE

Check Details

Version: 1.2
Check: LazyData
Result: NOTE
     'LazyData' is specified without a 'data' directory
Flavors: r-devel-linux-x86_64-debian-clang, r-devel-linux-x86_64-debian-gcc, r-devel-linux-x86_64-fedora-clang, r-devel-linux-x86_64-fedora-gcc, r-devel-windows-x86_64, r-patched-linux-x86_64, r-release-linux-x86_64, r-release-macos-arm64, r-release-macos-x86_64, r-release-windows-x86_64, r-oldrel-macos-arm64, r-oldrel-macos-x86_64, r-oldrel-windows-ix86+x86_64