CRAN Package Check Results for Package ppcSpatial

Last updated on 2021-11-30 12:53:41 CET.

Flavor Version Tinstall Tcheck Ttotal Status Flags
r-devel-linux-x86_64-debian-clang 0.2.0 27.58 263.95 291.53 NOTE
r-devel-linux-x86_64-debian-gcc 0.2.0 25.45 197.31 222.76 NOTE
r-devel-linux-x86_64-fedora-clang 0.2.0 355.34 NOTE
r-devel-linux-x86_64-fedora-gcc 0.2.0 347.36 NOTE
r-devel-windows-x86_64-new-UL 0.2.0 46.00 291.00 337.00 NOTE
r-devel-windows-x86_64-new-TK 0.2.0 NOTE
r-devel-windows-x86_64-old 0.2.0 45.00 218.00 263.00 NOTE
r-patched-linux-x86_64 0.2.0 27.85 251.16 279.01 NOTE
r-patched-solaris-x86 0.2.0 446.20 NOTE
r-release-linux-x86_64 0.2.0 26.52 251.93 278.45 NOTE
r-release-macos-arm64 0.2.0 NOTE
r-release-macos-x86_64 0.2.0 NOTE
r-release-windows-ix86+x86_64 0.2.0 72.00 215.00 287.00 NOTE
r-oldrel-macos-x86_64 0.2.0 OK
r-oldrel-windows-ix86+x86_64 0.2.0 51.00 221.00 272.00 OK

Check Details

Version: 0.2.0
Check: LazyData
Result: NOTE
     'LazyData' is specified without a 'data' directory
Flavors: r-devel-linux-x86_64-debian-clang, r-devel-linux-x86_64-debian-gcc, r-devel-linux-x86_64-fedora-clang, r-devel-linux-x86_64-fedora-gcc, r-devel-windows-x86_64-new-UL, r-devel-windows-x86_64-new-TK, r-devel-windows-x86_64-old, r-patched-linux-x86_64, r-patched-solaris-x86, r-release-linux-x86_64, r-release-macos-arm64, r-release-macos-x86_64, r-release-windows-ix86+x86_64