Last updated on 2024-04-23 12:49:37 CEST.
Flavor | Version | Tinstall | Tcheck | Ttotal | Status | Flags |
---|---|---|---|---|---|---|
r-devel-linux-x86_64-debian-clang | 1.0.5 | 1.97 | 29.54 | 31.51 | NOTE | |
r-devel-linux-x86_64-debian-gcc | 1.0.5 | 1.55 | 22.68 | 24.23 | NOTE | |
r-devel-linux-x86_64-fedora-clang | 1.0.5 | 41.52 | NOTE | |||
r-devel-linux-x86_64-fedora-gcc | 1.0.5 | 37.90 | NOTE | |||
r-prerel-macos-arm64 | 1.0.5 | 19.00 | NOTE | |||
r-prerel-windows-x86_64 | 1.0.5 | 3.00 | 47.00 | 50.00 | NOTE | |
r-patched-linux-x86_64 | 1.0.5 | 1.65 | 29.01 | 30.66 | NOTE | |
r-release-linux-x86_64 | 1.0.5 | 2.17 | 29.44 | 31.61 | NOTE | |
r-release-macos-arm64 | 1.0.5 | 19.00 | NOTE | |||
r-release-macos-x86_64 | 1.0.5 | 23.00 | NOTE | |||
r-release-windows-x86_64 | 1.0.5 | 5.00 | 47.00 | 52.00 | NOTE | |
r-oldrel-macos-arm64 | 1.0.5 | 17.00 | NOTE | |||
r-oldrel-windows-x86_64 | 1.0.5 | 4.00 | 51.00 | 55.00 | NOTE |
Version: 1.0.5
Check: LazyData
Result: NOTE
'LazyData' is specified without a 'data' directory
Flavors: r-devel-linux-x86_64-debian-clang, r-devel-linux-x86_64-debian-gcc, r-devel-linux-x86_64-fedora-clang, r-devel-linux-x86_64-fedora-gcc, r-prerel-macos-arm64, r-prerel-windows-x86_64, r-patched-linux-x86_64, r-release-linux-x86_64, r-release-macos-arm64, r-release-macos-x86_64, r-release-windows-x86_64, r-oldrel-macos-arm64, r-oldrel-windows-x86_64