CRAN Package Check Results for Package postlightmercury

Last updated on 2023-12-09 02:48:45 CET.

Flavor Version Tinstall Tcheck Ttotal Status Flags
r-devel-linux-x86_64-debian-clang 1.2 1.68 22.72 24.40 NOTE
r-devel-linux-x86_64-debian-gcc 1.2 1.53 17.57 19.10 NOTE
r-devel-linux-x86_64-fedora-clang 1.2 30.91 NOTE
r-devel-linux-x86_64-fedora-gcc 1.2 28.92 NOTE
r-devel-windows-x86_64 1.2 3.00 39.00 42.00 NOTE
r-patched-linux-x86_64 1.2 1.83 22.17 24.00 NOTE
r-release-linux-x86_64 1.2 1.33 21.93 23.26 NOTE
r-release-macos-arm64 1.2 19.00 NOTE
r-release-macos-x86_64 1.2 20.00 NOTE
r-release-windows-x86_64 1.2 4.00 38.00 42.00 NOTE
r-oldrel-macos-arm64 1.2 16.00 NOTE
r-oldrel-macos-x86_64 1.2 20.00 NOTE
r-oldrel-windows-x86_64 1.2 4.00 43.00 47.00 NOTE

Check Details

Version: 1.2
Check: LazyData
Result: NOTE 'LazyData' is specified without a 'data' directory Flavors: r-devel-linux-x86_64-debian-clang, r-devel-linux-x86_64-debian-gcc, r-devel-linux-x86_64-fedora-clang, r-devel-linux-x86_64-fedora-gcc, r-devel-windows-x86_64, r-patched-linux-x86_64, r-release-linux-x86_64, r-release-macos-arm64, r-release-macos-x86_64, r-release-windows-x86_64, r-oldrel-macos-arm64, r-oldrel-macos-x86_64, r-oldrel-windows-x86_64