CRAN Package Check Results for Package postGGIR

Last updated on 2024-02-29 21:56:30 CET.

Flavor Version Tinstall Tcheck Ttotal Status Flags
r-devel-linux-x86_64-debian-clang 2.4.0.2 32.29 207.80 240.09 OK
r-devel-linux-x86_64-debian-gcc 2.4.0.2 22.69 155.31 178.00 OK
r-devel-linux-x86_64-fedora-clang 2.4.0.2 292.38 NOTE
r-devel-linux-x86_64-fedora-gcc 2.4.0.2 315.77 NOTE
r-devel-windows-x86_64 2.4.0.2 23.00 145.00 168.00 OK
r-patched-linux-x86_64 2.4.0.2 28.31 199.60 227.91 OK
r-release-linux-x86_64 2.4.0.2 28.54 202.22 230.76 OK
r-release-macos-arm64 2.4.0.2 89.00 OK
r-release-macos-x86_64 2.4.0.2 136.00 OK
r-release-windows-x86_64 2.4.0.2 32.00 175.00 207.00 OK
r-oldrel-macos-arm64 2.4.0.2 75.00 NOTE
r-oldrel-windows-x86_64 2.4.0.2 32.00 180.00 212.00 OK

Check Details

Version: 2.4.0.2
Check: dependencies in R code
Result: NOTE Namespaces in Imports field not imported from: ‘ActCR’ ‘ActFrag’ ‘tidyr’ All declared Imports should be used. Flavors: r-devel-linux-x86_64-fedora-clang, r-devel-linux-x86_64-fedora-gcc, r-oldrel-macos-arm64