CRAN Package Check Results for Package postGGIR

Last updated on 2022-06-30 12:55:18 CEST.

Flavor Version Tinstall Tcheck Ttotal Status Flags
r-devel-linux-x86_64-debian-clang 2.4.0.2 28.40 209.30 237.70 OK
r-devel-linux-x86_64-debian-gcc 2.4.0.2 22.43 153.43 175.86 OK
r-devel-linux-x86_64-fedora-clang 2.4.0.2 293.41 NOTE
r-devel-linux-x86_64-fedora-gcc 2.4.0.2 301.04 NOTE
r-devel-windows-x86_64 2.4.0.2 84.00 200.00 284.00 OK
r-patched-linux-x86_64 2.4.0.2 27.05 196.84 223.89 OK
r-release-linux-x86_64 2.4.0.2 26.31 200.35 226.66 OK
r-release-macos-arm64 2.4.0.2 75.00 NOTE
r-release-macos-x86_64 2.4.0.2 144.00 NOTE
r-release-windows-x86_64 2.4.0.2 234.00 215.00 449.00 OK
r-oldrel-macos-arm64 2.4.0.2 73.00 NOTE
r-oldrel-macos-x86_64 2.4.0.2 111.00 NOTE
r-oldrel-windows-ix86+x86_64 2.4.0.2 59.00 200.00 259.00 OK

Check Details

Version: 2.4.0.2
Check: dependencies in R code
Result: NOTE
    Namespaces in Imports field not imported from:
     ‘ActCR’ ‘ActFrag’ ‘tidyr’
     All declared Imports should be used.
Flavors: r-devel-linux-x86_64-fedora-clang, r-devel-linux-x86_64-fedora-gcc, r-release-macos-arm64, r-release-macos-x86_64, r-oldrel-macos-arm64, r-oldrel-macos-x86_64