Last updated on 2023-01-30 04:52:30 CET.
Flavor | Version | Tinstall | Tcheck | Ttotal | Status | Flags |
---|---|---|---|---|---|---|
r-devel-linux-x86_64-debian-clang | 2.4.0.2 | 31.09 | 207.67 | 238.76 | OK | |
r-devel-linux-x86_64-debian-gcc | 2.4.0.2 | 24.45 | 151.86 | 176.31 | OK | |
r-devel-linux-x86_64-fedora-clang | 2.4.0.2 | 299.95 | NOTE | |||
r-devel-linux-x86_64-fedora-gcc | 2.4.0.2 | 314.06 | NOTE | |||
r-devel-windows-x86_64 | 2.4.0.2 | 101.00 | 210.00 | 311.00 | OK | |
r-patched-linux-x86_64 | 2.4.0.2 | 25.57 | 199.88 | 225.45 | OK | |
r-release-linux-x86_64 | 2.4.0.2 | 25.69 | 199.63 | 225.32 | OK | |
r-release-macos-arm64 | 2.4.0.2 | 75.00 | NOTE | |||
r-release-macos-x86_64 | 2.4.0.2 | 144.00 | NOTE | |||
r-release-windows-x86_64 | 2.4.0.2 | 71.00 | 221.00 | 292.00 | OK | |
r-oldrel-macos-arm64 | 2.4.0.2 | 73.00 | NOTE | |||
r-oldrel-macos-x86_64 | 2.4.0.2 | 111.00 | NOTE | |||
r-oldrel-windows-ix86+x86_64 | 2.4.0.2 | 60.00 | 208.00 | 268.00 | OK |
Version: 2.4.0.2
Check: dependencies in R code
Result: NOTE
Namespaces in Imports field not imported from:
‘ActCR’ ‘ActFrag’ ‘tidyr’
All declared Imports should be used.
Flavors: r-devel-linux-x86_64-fedora-clang, r-devel-linux-x86_64-fedora-gcc, r-release-macos-arm64, r-release-macos-x86_64, r-oldrel-macos-arm64, r-oldrel-macos-x86_64