CRAN Package Check Results for Package poplite

Last updated on 2020-05-30 12:48:18 CEST.

Flavor Version Tinstall Tcheck Ttotal Status Flags
r-devel-linux-x86_64-debian-clang 0.99.23 8.61 103.16 111.77 OK
r-devel-linux-x86_64-debian-gcc 0.99.23 7.43 78.63 86.06 OK
r-devel-linux-x86_64-fedora-clang 0.99.23 146.91 OK
r-devel-linux-x86_64-fedora-gcc 0.99.23 133.40 OK
r-devel-windows-ix86+x86_64 0.99.23 29.00 125.00 154.00 OK
r-patched-linux-x86_64 0.99.23 8.05 99.87 107.92 OK
r-patched-solaris-x86 0.99.23 191.00 OK
r-release-linux-x86_64 0.99.23 8.19 101.66 109.85 OK
r-release-osx-x86_64 0.99.23 OK
r-release-windows-ix86+x86_64 0.99.23 26.00 161.00 187.00 OK
r-oldrel-osx-x86_64 0.99.23 NOTE
r-oldrel-windows-ix86+x86_64 0.99.23 14.00 118.00 132.00 OK

Check Details

Version: 0.99.23
Check: package dependencies
Result: NOTE
    Package suggested but not available for checking: ‘VariantAnnotation’
Flavor: r-oldrel-osx-x86_64