CRAN Package Check Results for Package popReconstruct

Last updated on 2025-10-03 12:49:41 CEST.

Flavor Version Tinstall Tcheck Ttotal Status Flags
r-devel-linux-x86_64-debian-clang 1.0-6 2.81 49.01 51.82 NOTE
r-devel-linux-x86_64-debian-gcc 1.0-6 2.27 35.41 37.68 NOTE
r-devel-linux-x86_64-fedora-clang 1.0-6 76.32 OK
r-devel-linux-x86_64-fedora-gcc 1.0-6 88.65 OK
r-devel-windows-x86_64 1.0-6 3.00 76.00 79.00 OK
r-patched-linux-x86_64 1.0-6 2.90 46.65 49.55 OK
r-release-linux-x86_64 1.0-6 2.68 46.14 48.82 OK
r-release-macos-arm64 1.0-6 34.00 OK
r-release-macos-x86_64 1.0-6 59.00 OK
r-release-windows-x86_64 1.0-6 4.00 75.00 79.00 OK
r-oldrel-macos-arm64 1.0-6 40.00 OK
r-oldrel-macos-x86_64 1.0-6 45.00 OK
r-oldrel-windows-x86_64 1.0-6 5.00 87.00 92.00 OK

Check Details

Version: 1.0-6
Check: CRAN incoming feasibility
Result: NOTE Maintainer: ‘"Mark C. Wheldon" <biostatmark@gmail.com>’ No Authors@R field in DESCRIPTION. Please add one, modifying Authors@R: c(person(given = c("Mark", "C."), family = "Wheldon", role = "aut"), person(given = c("\"Mark", "C."), family = "Wheldon\"", role = "cre", email = "biostatmark@gmail.com")) as necessary. Flavors: r-devel-linux-x86_64-debian-clang, r-devel-linux-x86_64-debian-gcc