CRAN Package Check Results for Package poolfstat

Last updated on 2022-01-21 20:48:49 CET.

Flavor Version Tinstall Tcheck Ttotal Status Flags
r-devel-linux-x86_64-debian-clang 2.0.0 38.96 165.54 204.50 OK
r-devel-linux-x86_64-debian-gcc 2.0.0 31.93 127.74 159.67 OK
r-devel-linux-x86_64-fedora-clang 2.0.0 276.48 NOTE
r-devel-linux-x86_64-fedora-gcc 2.0.0 243.11 NOTE
r-devel-windows-x86_64-new-UL 2.0.0 124.00 240.00 364.00 OK
r-devel-windows-x86_64-new-TK 2.0.0 NOTE
r-patched-linux-x86_64 2.0.0 32.65 166.36 199.01 OK
r-release-linux-x86_64 2.0.0 27.47 166.72 194.19 OK
r-release-macos-arm64 2.0.0 NOTE
r-release-macos-x86_64 2.0.0 NOTE
r-release-windows-ix86+x86_64 2.0.0 99.00 276.00 375.00 OK
r-oldrel-macos-x86_64 2.0.0 NOTE
r-oldrel-windows-ix86+x86_64 2.0.0 99.00 282.00 381.00 OK

Check Details

Version: 2.0.0
Check: dependencies in R code
Result: NOTE
    Namespace in Imports field not imported from: ‘RcppProgress’
     All declared Imports should be used.
Flavors: r-devel-linux-x86_64-fedora-clang, r-devel-linux-x86_64-fedora-gcc, r-devel-windows-x86_64-new-TK, r-release-macos-arm64, r-release-macos-x86_64, r-oldrel-macos-x86_64