CRAN Package Check Results for Package pool

Last updated on 2022-05-20 12:53:32 CEST.

Flavor Version Tinstall Tcheck Ttotal Status Flags
r-devel-linux-x86_64-debian-clang 0.1.6 7.82 63.70 71.52 NOTE
r-devel-linux-x86_64-debian-gcc 0.1.6 5.80 48.52 54.32 NOTE
r-devel-linux-x86_64-fedora-clang 0.1.6 83.47 NOTE
r-devel-linux-x86_64-fedora-gcc 0.1.6 81.85 NOTE
r-devel-windows-x86_64 0.1.6 34.00 90.00 124.00 NOTE
r-patched-linux-x86_64 0.1.6 6.24 60.69 66.93 NOTE
r-release-linux-x86_64 0.1.6 5.18 59.53 64.71 NOTE
r-release-macos-arm64 0.1.6 34.00 NOTE
r-release-macos-x86_64 0.1.6 46.00 NOTE
r-release-windows-x86_64 0.1.6 37.00 96.00 133.00 NOTE
r-oldrel-macos-arm64 0.1.6 39.00 NOTE
r-oldrel-macos-x86_64 0.1.6 48.00 NOTE
r-oldrel-windows-ix86+x86_64 0.1.6 16.00 84.00 100.00 NOTE

Check Details

Version: 0.1.6
Check: LazyData
Result: NOTE
     'LazyData' is specified without a 'data' directory
Flavors: r-devel-linux-x86_64-debian-clang, r-devel-linux-x86_64-debian-gcc, r-devel-linux-x86_64-fedora-clang, r-devel-linux-x86_64-fedora-gcc, r-devel-windows-x86_64, r-patched-linux-x86_64, r-release-linux-x86_64, r-release-macos-arm64, r-release-macos-x86_64, r-release-windows-x86_64, r-oldrel-macos-arm64, r-oldrel-macos-x86_64, r-oldrel-windows-ix86+x86_64