Last updated on 2023-04-01 12:56:33 CEST.
Flavor | Version | Tinstall | Tcheck | Ttotal | Status | Flags |
---|---|---|---|---|---|---|
r-devel-linux-x86_64-debian-clang | 0.1.3 | 129.35 | 54.12 | 183.47 | OK | |
r-devel-linux-x86_64-debian-gcc | 0.1.3 | 93.50 | 45.38 | 138.88 | OK | |
r-devel-linux-x86_64-fedora-clang | 0.1.3 | 238.77 | OK | |||
r-devel-linux-x86_64-fedora-gcc | 0.1.3 | 245.55 | OK | |||
r-devel-windows-x86_64 | 0.1.3 | 131.00 | 119.00 | 250.00 | OK | |
r-patched-linux-x86_64 | 0.1.3 | 108.52 | 58.22 | 166.74 | OK | |
r-release-linux-x86_64 | 0.1.3 | 95.31 | 60.80 | 156.11 | OK | |
r-release-macos-arm64 | 0.1.3 | 82.00 | NOTE | |||
r-release-macos-x86_64 | 0.1.3 | 95.00 | NOTE | |||
r-release-windows-x86_64 | 0.1.3 | 94.00 | 112.00 | 206.00 | OK | |
r-oldrel-macos-arm64 | 0.1.3 | 71.00 | NOTE | |||
r-oldrel-macos-x86_64 | 0.1.3 | 89.00 | NOTE | |||
r-oldrel-windows-ix86+x86_64 | 0.1.3 | 258.00 | 117.00 | 375.00 | OK |
Version: 0.1.3
Check: installed package size
Result: NOTE
installed size is 19.5Mb
sub-directories of 1Mb or more:
libs 19.1Mb
Flavors: r-release-macos-arm64, r-release-macos-x86_64, r-oldrel-macos-arm64, r-oldrel-macos-x86_64