CRAN Package Check Results for Package pomp

Last updated on 2023-12-04 12:50:29 CET.

Flavor Version Tinstall Tcheck Ttotal Status Flags
r-devel-linux-x86_64-debian-clang 5.4 35.65 121.18 156.83 WARN
r-devel-linux-x86_64-debian-gcc 5.5 27.94 89.46 117.40 OK
r-devel-linux-x86_64-fedora-clang 5.5 194.43 OK
r-devel-linux-x86_64-fedora-gcc 5.5 187.75 OK
r-devel-windows-x86_64 5.5 41.00 149.00 190.00 OK
r-patched-linux-x86_64 5.4 33.34 113.83 147.17 OK
r-release-linux-x86_64 5.4 35.66 113.25 148.91 OK
r-release-macos-arm64 5.5 60.00 OK
r-release-macos-x86_64 5.5 142.00 OK
r-release-windows-x86_64 5.5 40.00 154.00 194.00 OK
r-oldrel-macos-arm64 5.5 58.00 OK
r-oldrel-macos-x86_64 5.4 74.00 OK
r-oldrel-windows-x86_64 5.4 44.00 116.00 160.00 OK

Check Details

Version: 5.4
Check: whether package can be installed
Result: WARN Found the following significant warnings: probe.c:18:52: warning: format specifies type 'long' but the argument has type 'int' [-Wformat] probe.c:87:55: warning: format specifies type 'long' but the argument has type 'int' [-Wformat] probe.c:94:61: warning: format specifies type 'long' but the argument has type 'int' [-Wformat] probe_acf.c:24:46: warning: format specifies type 'long' but the argument has type 'int' [-Wformat] synth_lik.c:30:82: warning: format specifies type 'long' but the argument has type 'int' [-Wformat] synth_lik.c:30:87: warning: format specifies type 'long' but the argument has type 'int' [-Wformat] See ‘/home/hornik/tmp/R.check/r-devel-clang/Work/PKGS/pomp.Rcheck/00install.out’ for details. * used C compiler: ‘Debian clang version 17.0.5 (1)’ Flavor: r-devel-linux-x86_64-debian-clang