Last updated on 2024-04-20 05:59:02 CEST.
Flavor | Version | Tinstall | Tcheck | Ttotal | Status | Flags |
---|---|---|---|---|---|---|
r-devel-linux-x86_64-debian-clang | 1.0.0 | 5.37 | 46.37 | 51.74 | NOTE | |
r-devel-linux-x86_64-debian-gcc | 1.0.0 | 4.17 | 35.59 | 39.76 | NOTE | |
r-devel-linux-x86_64-fedora-clang | 1.0.0 | 68.35 | NOTE | |||
r-devel-linux-x86_64-fedora-gcc | 1.0.0 | 60.92 | NOTE | |||
r-prerel-macos-arm64 | 1.0.0 | 22.00 | NOTE | |||
r-prerel-windows-x86_64 | 1.0.0 | 7.00 | 58.00 | 65.00 | NOTE | |
r-patched-linux-x86_64 | 1.0.0 | 4.36 | 44.37 | 48.73 | NOTE | |
r-release-linux-x86_64 | 1.0.0 | 4.44 | 45.03 | 49.47 | OK | |
r-release-macos-arm64 | 1.0.0 | 23.00 | OK | |||
r-release-macos-x86_64 | 1.0.0 | 33.00 | OK | |||
r-release-windows-x86_64 | 1.0.0 | 7.00 | 63.00 | 70.00 | OK | |
r-oldrel-macos-arm64 | 1.0.0 | 18.00 | OK | |||
r-oldrel-windows-x86_64 | 1.0.0 | 7.00 | 63.00 | 70.00 | OK |
Version: 1.0.0
Check: Rd files
Result: NOTE
checkRd: (-1) stat_quantile_prob.Rd:14: Lost braces; missing escapes or markup?
14 | Number {25, 50, 75}
| ^
Flavors: r-devel-linux-x86_64-debian-clang, r-devel-linux-x86_64-debian-gcc, r-devel-linux-x86_64-fedora-clang, r-devel-linux-x86_64-fedora-gcc, r-prerel-macos-arm64, r-prerel-windows-x86_64, r-patched-linux-x86_64