Last updated on 2022-06-26 03:50:08 CEST.
Flavor | Version | Tinstall | Tcheck | Ttotal | Status | Flags |
---|---|---|---|---|---|---|
r-devel-linux-x86_64-debian-clang | 0.2.0 | 18.05 | 31.50 | 49.55 | NOTE | |
r-devel-linux-x86_64-debian-gcc | 0.2.0 | 14.39 | 24.57 | 38.96 | NOTE | |
r-devel-linux-x86_64-fedora-clang | 0.2.0 | 78.68 | NOTE | |||
r-devel-linux-x86_64-fedora-gcc | 0.2.0 | 73.04 | NOTE | |||
r-devel-windows-x86_64 | 0.2.0 | 49.00 | 75.00 | 124.00 | NOTE | |
r-patched-linux-x86_64 | 0.2.0 | 14.59 | 30.71 | 45.30 | NOTE | |
r-release-linux-x86_64 | 0.2.0 | 14.30 | 30.76 | 45.06 | NOTE | |
r-release-macos-arm64 | 0.2.0 | 21.00 | NOTE | |||
r-release-macos-x86_64 | 0.2.0 | 32.00 | NOTE | |||
r-release-windows-x86_64 | 0.2.0 | 50.00 | 79.00 | 129.00 | NOTE | |
r-oldrel-macos-arm64 | 0.2.0 | 25.00 | NOTE | |||
r-oldrel-macos-x86_64 | 0.2.0 | 42.00 | NOTE | |||
r-oldrel-windows-ix86+x86_64 | 0.2.0 | 49.00 | 78.00 | 127.00 | NOTE |
Version: 0.2.0
Check: LazyData
Result: NOTE
'LazyData' is specified without a 'data' directory
Flavors: r-devel-linux-x86_64-debian-clang, r-devel-linux-x86_64-debian-gcc, r-devel-linux-x86_64-fedora-clang, r-devel-linux-x86_64-fedora-gcc, r-devel-windows-x86_64, r-patched-linux-x86_64, r-release-linux-x86_64, r-release-macos-arm64, r-release-macos-x86_64, r-release-windows-x86_64, r-oldrel-macos-arm64, r-oldrel-macos-x86_64, r-oldrel-windows-ix86+x86_64