CRAN Package Check Results for Package polycor

Last updated on 2021-09-22 06:48:41 CEST.

Flavor Version Tinstall Tcheck Ttotal Status Flags
r-devel-linux-x86_64-debian-clang 0.7-10 2.80 30.77 33.57 OK
r-devel-linux-x86_64-debian-gcc 0.7-10 2.07 23.63 25.70 OK
r-devel-linux-x86_64-fedora-clang 0.7-10 49.00 OK
r-devel-linux-x86_64-fedora-gcc 0.7-10 37.80 OK
r-devel-windows-x86_64 0.7-10 4.00 37.00 41.00 OK
r-devel-windows-x86_64-gcc10-UCRT 0.7-10 ERROR
r-patched-linux-x86_64 0.7-10 2.41 29.88 32.29 OK
r-patched-solaris-x86 0.7-10 56.90 OK
r-release-linux-x86_64 0.7-10 2.47 29.51 31.98 OK
r-release-macos-arm64 0.7-10 OK
r-release-macos-x86_64 0.7-10 OK
r-release-windows-ix86+x86_64 0.7-10 7.00 37.00 44.00 OK
r-oldrel-macos-x86_64 0.7-10 OK
r-oldrel-windows-ix86+x86_64 0.7-10 5.00 40.00 45.00 OK

Check Details

Version: 0.7-10
Check: PDF version of manual
Result: WARN
    LaTeX errors when creating PDF version.
    This typically indicates Rd problems.
Flavor: r-devel-windows-x86_64-gcc10-UCRT

Version: 0.7-10
Check: PDF version of manual without hyperrefs or index
Result: ERROR
    Re-running with no redirection of stdout/stderr.
Flavor: r-devel-windows-x86_64-gcc10-UCRT