Last updated on 2024-04-23 12:49:37 CEST.
Flavor | Version | Tinstall | Tcheck | Ttotal | Status | Flags |
---|---|---|---|---|---|---|
r-devel-linux-x86_64-debian-clang | 1.0.1 | 39.71 | 201.38 | 241.09 | NOTE | |
r-devel-linux-x86_64-debian-gcc | 1.0.1 | 25.97 | 147.12 | 173.09 | NOTE | |
r-devel-linux-x86_64-fedora-clang | 1.0.1 | 298.94 | NOTE | |||
r-devel-linux-x86_64-fedora-gcc | 1.0.1 | 280.24 | NOTE | |||
r-prerel-macos-arm64 | 1.0.1 | 70.00 | NOTE | |||
r-prerel-windows-x86_64 | 1.0.1 | 21.00 | 138.00 | 159.00 | NOTE | |
r-patched-linux-x86_64 | 1.0.1 | 24.89 | 187.05 | 211.94 | NOTE | |
r-release-linux-x86_64 | 1.0.1 | 24.10 | 194.31 | 218.41 | NOTE | |
r-release-macos-arm64 | 1.0.1 | 73.00 | NOTE | |||
r-release-macos-x86_64 | 1.0.1 | 124.00 | NOTE | |||
r-release-windows-x86_64 | 1.0.1 | 28.00 | 175.00 | 203.00 | NOTE | |
r-oldrel-macos-arm64 | 1.0.1 | 67.00 | NOTE | |||
r-oldrel-windows-x86_64 | 1.0.1 | 30.00 | 172.00 | 202.00 | NOTE |
Version: 1.0.1
Check: package dependencies
Result: NOTE
Package suggested but not available for checking: ‘pollimetrydata’
Flavors: r-devel-linux-x86_64-debian-clang, r-devel-linux-x86_64-debian-gcc, r-devel-linux-x86_64-fedora-clang, r-devel-linux-x86_64-fedora-gcc, r-prerel-macos-arm64, r-prerel-windows-x86_64, r-patched-linux-x86_64, r-release-linux-x86_64, r-release-macos-arm64, r-release-macos-x86_64, r-release-windows-x86_64, r-oldrel-macos-arm64, r-oldrel-windows-x86_64