Last updated on 2024-07-27 12:48:21 CEST.
Flavor | Version | Tinstall | Tcheck | Ttotal | Status | Flags |
---|---|---|---|---|---|---|
r-devel-linux-x86_64-debian-clang | 0.1.1 | 17.26 | 115.50 | 132.76 | OK | |
r-devel-linux-x86_64-debian-gcc | 0.1.1 | OK | ||||
r-devel-linux-x86_64-fedora-clang | 0.1.1 | 173.57 | NOTE | |||
r-devel-linux-x86_64-fedora-gcc | 0.1.1 | 152.38 | NOTE | |||
r-devel-windows-x86_64 | 0.1.1 | 15.00 | 109.00 | 124.00 | OK | |
r-patched-linux-x86_64 | 0.1.1 | OK | ||||
r-release-macos-arm64 | 0.1.1 | 50.00 | OK | |||
r-release-macos-x86_64 | 0.1.1 | 122.00 | OK | |||
r-release-windows-x86_64 | 0.1.1 | 16.00 | 96.00 | 112.00 | OK | |
r-oldrel-macos-arm64 | 0.1.1 | 61.00 | OK | |||
r-oldrel-macos-x86_64 | 0.1.1 | 137.00 | OK | |||
r-oldrel-windows-x86_64 | 0.1.1 | 18.00 | 117.00 | 135.00 | OK |
Version: 0.1.1
Check: package dependencies
Result: NOTE
Package suggested but not available for checking: ‘tesseract’
Flavor: r-devel-linux-x86_64-fedora-clang
Version: 0.1.1
Check: data for non-ASCII characters
Result: NOTE
Note: found 70 marked UTF-8 strings
Flavors: r-devel-linux-x86_64-fedora-clang, r-devel-linux-x86_64-fedora-gcc