Last updated on 2023-09-29 12:57:06 CEST.
Flavor | Version | Tinstall | Tcheck | Ttotal | Status | Flags |
---|---|---|---|---|---|---|
r-devel-linux-x86_64-debian-clang | 0.0.1 | 3.93 | 36.09 | 40.02 | NOTE | |
r-devel-linux-x86_64-debian-gcc | 0.0.1 | 2.69 | 28.50 | 31.19 | NOTE | |
r-devel-linux-x86_64-fedora-clang | 0.0.1 | 51.63 | NOTE | |||
r-devel-linux-x86_64-fedora-gcc | 0.0.1 | 51.74 | NOTE | |||
r-devel-windows-x86_64 | 0.0.1 | 6.00 | 55.00 | 61.00 | NOTE | |
r-patched-linux-x86_64 | 0.0.1 | 2.50 | 35.49 | 37.99 | NOTE | |
r-release-linux-x86_64 | 0.0.1 | 2.67 | 34.82 | 37.49 | NOTE | |
r-release-macos-arm64 | 0.0.1 | 21.00 | NOTE | |||
r-release-macos-x86_64 | 0.0.1 | 28.00 | NOTE | |||
r-release-windows-x86_64 | 0.0.1 | 7.00 | 55.00 | 62.00 | NOTE | |
r-oldrel-macos-arm64 | 0.0.1 | 21.00 | NOTE | |||
r-oldrel-macos-x86_64 | 0.0.1 | 32.00 | NOTE | |||
r-oldrel-windows-x86_64 | 0.0.1 | 8.00 | 62.00 | 70.00 | NOTE |
Version: 0.0.1
Check: LazyData
Result: NOTE
'LazyData' is specified without a 'data' directory
Flavors: r-devel-linux-x86_64-debian-clang, r-devel-linux-x86_64-debian-gcc, r-devel-linux-x86_64-fedora-clang, r-devel-linux-x86_64-fedora-gcc, r-devel-windows-x86_64, r-patched-linux-x86_64, r-release-linux-x86_64, r-release-macos-arm64, r-release-macos-x86_64, r-release-windows-x86_64, r-oldrel-macos-arm64, r-oldrel-macos-x86_64, r-oldrel-windows-x86_64
Version: 0.0.1
Check: dependencies in R code
Result: NOTE
Namespaces in Imports field not imported from:
‘argonDash’ ‘argonR’ ‘colourpicker’ ‘ggplot2’ ‘grid’ ‘hexSticker’
‘png’ ‘shinyWidgets’
All declared Imports should be used.
Flavors: r-devel-linux-x86_64-fedora-clang, r-devel-linux-x86_64-fedora-gcc, r-oldrel-macos-arm64, r-oldrel-macos-x86_64