Last updated on 2021-02-26 21:49:10 CET.
Flavor | Version | Tinstall | Tcheck | Ttotal | Status | Flags |
---|---|---|---|---|---|---|
r-devel-linux-x86_64-debian-clang | 0.3.5 | 4.97 | 31.20 | 36.17 | OK | |
r-devel-linux-x86_64-debian-gcc | 0.3.5 | 4.96 | 24.05 | 29.01 | OK | |
r-devel-linux-x86_64-fedora-clang | 0.3.5 | 54.57 | OK | |||
r-devel-linux-x86_64-fedora-gcc | 0.3.5 | 43.54 | OK | |||
r-devel-windows-ix86+x86_64 | 0.3.5 | 8.00 | 34.00 | 42.00 | OK | |
r-patched-linux-x86_64 | 0.3.5 | 5.31 | 29.41 | 34.72 | OK | |
r-patched-solaris-x86 | 0.3.5 | 68.90 | OK | |||
r-release-linux-x86_64 | 0.3.5 | 4.83 | 29.57 | 34.40 | OK | |
r-release-macos-x86_64 | 0.3.5 | OK | ||||
r-release-windows-ix86+x86_64 | 0.3.5 | 27.00 | 10.00 | 37.00 | ERROR | |
r-oldrel-macos-x86_64 | 0.3.5 | OK | ||||
r-oldrel-windows-ix86+x86_64 | 0.3.5 | 8.00 | 43.00 | 51.00 | OK |
Version: 0.3.5
Check: whether package can be installed
Result: ERROR
Installation failed.
Flavor: r-release-windows-ix86+x86_64