Last updated on 2022-05-20 12:53:32 CEST.
Flavor | Version | Tinstall | Tcheck | Ttotal | Status | Flags |
---|---|---|---|---|---|---|
r-devel-linux-x86_64-debian-clang | 0.10.0 | 25.17 | 325.71 | 350.88 | OK | |
r-devel-linux-x86_64-debian-gcc | 0.10.0 | 19.61 | 242.23 | 261.84 | OK | |
r-devel-linux-x86_64-fedora-clang | 0.10.0 | 401.93 | NOTE | |||
r-devel-linux-x86_64-fedora-gcc | 0.10.0 | 441.37 | NOTE | |||
r-devel-windows-x86_64 | 0.10.0 | 384.00 | 340.00 | 724.00 | OK | |
r-patched-linux-x86_64 | 0.10.0 | 31.16 | 302.40 | 333.56 | OK | |
r-release-linux-x86_64 | 0.10.0 | 17.18 | 302.76 | 319.94 | OK | |
r-release-macos-arm64 | 0.10.0 | 83.00 | NOTE | |||
r-release-macos-x86_64 | 0.10.0 | 160.00 | NOTE | |||
r-release-windows-x86_64 | 0.10.0 | 333.00 | 353.00 | 686.00 | OK | |
r-oldrel-macos-arm64 | 0.10.0 | 85.00 | NOTE | |||
r-oldrel-macos-x86_64 | 0.10.0 | 118.00 | NOTE | |||
r-oldrel-windows-ix86+x86_64 | 0.10.0 | 44.00 | 367.00 | 411.00 | OK |
Version: 0.10.0
Check: installed package size
Result: NOTE
installed size is 5.0Mb
sub-directories of 1Mb or more:
help 2.6Mb
Flavor: r-devel-linux-x86_64-fedora-clang
Version: 0.10.0
Check: data for non-ASCII characters
Result: NOTE
Note: found 1 marked UTF-8 string
Flavors: r-devel-linux-x86_64-fedora-clang, r-devel-linux-x86_64-fedora-gcc, r-release-macos-arm64, r-release-macos-x86_64, r-oldrel-macos-arm64, r-oldrel-macos-x86_64