Last updated on 2023-04-01 21:54:16 CEST.
Flavor | Version | Tinstall | Tcheck | Ttotal | Status | Flags |
---|---|---|---|---|---|---|
r-devel-linux-x86_64-debian-clang | 1.0.4 | 27.37 | 276.55 | 303.92 | OK | |
r-devel-linux-x86_64-debian-gcc | 1.0.4 | 21.93 | 207.82 | 229.75 | OK | |
r-devel-linux-x86_64-fedora-clang | 1.0.4 | 379.00 | NOTE | |||
r-devel-linux-x86_64-fedora-gcc | 1.0.4 | 393.83 | NOTE | |||
r-devel-windows-x86_64 | 1.0.4 | 42.00 | 713.00 | 755.00 | OK | |
r-patched-linux-x86_64 | 1.0.4 | 26.49 | 259.50 | 285.99 | OK | |
r-release-linux-x86_64 | 1.0.4 | 24.52 | 261.04 | 285.56 | OK | |
r-release-macos-arm64 | 1.0.4 | 107.00 | NOTE | |||
r-release-macos-x86_64 | 1.0.4 | 116.00 | NOTE | |||
r-release-windows-x86_64 | 1.0.4 | 90.00 | 687.00 | 777.00 | OK | |
r-oldrel-macos-arm64 | 1.0.4 | 103.00 | NOTE | |||
r-oldrel-macos-x86_64 | 1.0.4 | 121.00 | NOTE | |||
r-oldrel-windows-ix86+x86_64 | 1.0.4 | 43.00 | 666.00 | 709.00 | OK |
Version: 1.0.4
Check: dependencies in R code
Result: NOTE
Namespaces in Imports field not imported from:
‘abc’ ‘doParallel’ ‘gdistance’ ‘geosphere’ ‘lhs’ ‘metRology’ ‘raster’
‘trend’
All declared Imports should be used.
Flavors: r-devel-linux-x86_64-fedora-clang, r-devel-linux-x86_64-fedora-gcc, r-release-macos-arm64, r-release-macos-x86_64, r-oldrel-macos-arm64, r-oldrel-macos-x86_64