Last updated on 2023-04-02 06:50:37 CEST.
Flavor | Version | Tinstall | Tcheck | Ttotal | Status | Flags |
---|---|---|---|---|---|---|
r-devel-linux-x86_64-debian-clang | 1.6.0.1 | 4.55 | 52.28 | 56.83 | NOTE | |
r-devel-linux-x86_64-debian-gcc | 1.6.0.1 | 2.94 | 39.43 | 42.37 | NOTE | |
r-devel-linux-x86_64-fedora-clang | 1.6.0.1 | 69.40 | NOTE | |||
r-devel-linux-x86_64-fedora-gcc | 1.6.0.1 | 66.68 | NOTE | |||
r-devel-windows-x86_64 | 1.6.0.1 | 8.00 | 86.00 | 94.00 | NOTE | |
r-patched-linux-x86_64 | 1.6.0.1 | 4.38 | 50.06 | 54.44 | NOTE | |
r-release-linux-x86_64 | 1.6.0.1 | 3.65 | 50.59 | 54.24 | OK | |
r-release-macos-arm64 | 1.6.0.1 | 26.00 | OK | |||
r-release-macos-x86_64 | 1.6.0.1 | 38.00 | OK | |||
r-release-windows-x86_64 | 1.6.0.1 | 22.00 | 90.00 | 112.00 | OK | |
r-oldrel-macos-arm64 | 1.6.0.1 | 27.00 | OK | |||
r-oldrel-macos-x86_64 | 1.6.0.1 | 37.00 | OK | |||
r-oldrel-windows-ix86+x86_64 | 1.6.0.1 | 11.00 | 106.00 | 117.00 | OK |
Version: 1.6.0.1
Check: Rd files
Result: NOTE
checkRd: (-1) carcinoma.Rd:8: Escaped LaTeX specials: \&
checkRd: (-1) poLCA.Rd:63: Escaped LaTeX specials: \&
checkRd: (-1) poLCA.Rd:69: Escaped LaTeX specials: \&
Flavors: r-devel-linux-x86_64-debian-clang, r-devel-linux-x86_64-debian-gcc, r-devel-linux-x86_64-fedora-clang, r-devel-linux-x86_64-fedora-gcc, r-devel-windows-x86_64, r-patched-linux-x86_64
Version: 1.6.0.1
Check: Rd cross-references
Result: NOTE
Undeclared package ‘flexmix’ in Rd xrefs
Flavor: r-devel-linux-x86_64-fedora-clang