Last updated on 2022-08-08 12:55:03 CEST.
Flavor | Version | Tinstall | Tcheck | Ttotal | Status | Flags |
---|---|---|---|---|---|---|
r-devel-linux-x86_64-debian-clang | 1.2.3 | 16.86 | 120.41 | 137.27 | OK | |
r-devel-linux-x86_64-debian-gcc | 1.2.3 | 12.44 | 87.31 | 99.75 | OK | |
r-devel-linux-x86_64-fedora-clang | 1.2.3 | 161.90 | NOTE | |||
r-devel-linux-x86_64-fedora-gcc | 1.2.3 | 157.98 | NOTE | |||
r-devel-windows-x86_64 | 1.2.3 | 23.00 | 144.00 | 167.00 | OK | |
r-patched-linux-x86_64 | 1.2.3 | 11.41 | 107.82 | 119.23 | OK | |
r-release-linux-x86_64 | 1.2.3 | OK | ||||
r-release-macos-arm64 | 1.2.3 | 50.00 | NOTE | |||
r-release-macos-x86_64 | 1.2.3 | 77.00 | NOTE | |||
r-release-windows-x86_64 | 1.2.3 | 44.00 | 147.00 | 191.00 | OK | |
r-oldrel-macos-arm64 | 1.2.3 | 49.00 | NOTE | |||
r-oldrel-macos-x86_64 | 1.2.3 | 65.00 | NOTE | |||
r-oldrel-windows-ix86+x86_64 | 1.2.3 | 29.00 | 133.00 | 162.00 | OK |
Version: 1.2.3
Check: dependencies in R code
Result: NOTE
Namespaces in Imports field not imported from:
‘ggrepel’ ‘gridExtra’
All declared Imports should be used.
Flavors: r-devel-linux-x86_64-fedora-clang, r-devel-linux-x86_64-fedora-gcc, r-release-macos-arm64, r-release-macos-x86_64, r-oldrel-macos-arm64, r-oldrel-macos-x86_64