CRAN Package Check Results for Package pmhtutorial

Last updated on 2025-02-22 21:51:27 CET.

Flavor Version Tinstall Tcheck Ttotal Status Flags
r-devel-linux-x86_64-debian-clang 1.5 2.83 24.89 27.72 OK
r-devel-linux-x86_64-debian-gcc 1.5 1.77 19.29 21.06 OK
r-devel-linux-x86_64-fedora-clang 1.5 43.66 OK
r-devel-linux-x86_64-fedora-gcc 1.5 41.82 OK
r-devel-macos-arm64 1.5 18.00 OK
r-devel-macos-x86_64 1.5 32.00 OK
r-devel-windows-x86_64 1.5 4.00 49.00 53.00 OK
r-patched-linux-x86_64 1.5 2.98 23.67 26.65 NOTE
r-release-linux-x86_64 1.5 2.60 23.29 25.89 NOTE
r-release-macos-arm64 1.5 17.00 NOTE
r-release-macos-x86_64 1.5 25.00 NOTE
r-release-windows-x86_64 1.5 4.00 48.00 52.00 NOTE
r-oldrel-macos-arm64 1.5 19.00 NOTE
r-oldrel-macos-x86_64 1.5 26.00 NOTE
r-oldrel-windows-x86_64 1.5 5.00 52.00 57.00 NOTE

Check Details

Version: 1.5
Check: LazyData
Result: NOTE 'LazyData' is specified without a 'data' directory Flavors: r-patched-linux-x86_64, r-release-linux-x86_64, r-release-macos-arm64, r-release-macos-x86_64, r-release-windows-x86_64, r-oldrel-macos-arm64, r-oldrel-macos-x86_64, r-oldrel-windows-x86_64