Last updated on 2024-04-24 06:19:24 CEST.
Flavor | Version | Tinstall | Tcheck | Ttotal | Status | Flags |
---|---|---|---|---|---|---|
r-devel-linux-x86_64-debian-clang | 0.2-1 | 8.35 | 75.18 | 83.53 | OK | |
r-devel-linux-x86_64-debian-gcc | 0.2-1 | 6.63 | 56.17 | 62.80 | OK | |
r-devel-linux-x86_64-fedora-clang | 0.2-1 | 111.26 | OK | |||
r-devel-linux-x86_64-fedora-gcc | 0.2-1 | 119.38 | OK | |||
r-prerel-macos-arm64 | 0.2-1 | 5.00 | ERROR | |||
r-prerel-macos-x86_64 | 0.2-1 | 7.00 | ERROR | |||
r-prerel-windows-x86_64 | 0.2-1 | 9.00 | 98.00 | 107.00 | OK | |
r-patched-linux-x86_64 | 0.2-1 | 9.59 | 71.66 | 81.25 | OK | |
r-release-linux-x86_64 | 0.2-1 | 8.20 | 71.33 | 79.53 | OK | |
r-release-macos-arm64 | 0.2-1 | 9.00 | ERROR | |||
r-release-macos-x86_64 | 0.2-1 | 7.00 | ERROR | |||
r-release-windows-x86_64 | 0.2-1 | 10.00 | 101.00 | 111.00 | OK | |
r-oldrel-macos-arm64 | 0.2-1 | 10.00 | ERROR | |||
r-oldrel-windows-x86_64 | 0.2-1 | 12.00 | 98.00 | 110.00 | OK |
Version: 0.2-1
Check: package dependencies
Result: ERROR
Package required but not available: ‘pbdMPI’
See section ‘The DESCRIPTION file’ in the ‘Writing R Extensions’
manual.
Flavors: r-prerel-macos-arm64, r-prerel-macos-x86_64, r-release-macos-arm64, r-release-macos-x86_64, r-oldrel-macos-arm64