CRAN Package Check Results for Package plumbertableau

Last updated on 2022-09-24 21:51:10 CEST.

Flavor Version Tinstall Tcheck Ttotal Status Flags
r-devel-linux-x86_64-debian-clang 0.1.0 4.00 45.98 49.98 OK
r-devel-linux-x86_64-debian-gcc 0.1.0 2.59 36.35 38.94 OK
r-devel-linux-x86_64-fedora-clang 0.1.0 72.15 NOTE
r-devel-linux-x86_64-fedora-gcc 0.1.0 69.82 NOTE
r-devel-windows-x86_64 0.1.0 66.00 85.00 151.00 OK
r-patched-linux-x86_64 0.1.0 3.41 45.38 48.79 OK
r-release-linux-x86_64 0.1.0 4.41 45.08 49.49 OK
r-release-macos-arm64 0.1.0 28.00 NOTE
r-release-macos-x86_64 0.1.0 38.00 NOTE
r-release-windows-x86_64 0.1.0 41.00 90.00 131.00 OK
r-oldrel-macos-arm64 0.1.0 38.00 NOTE
r-oldrel-macos-x86_64 0.1.0 39.00 NOTE
r-oldrel-windows-ix86+x86_64 0.1.0 11.00 74.00 85.00 OK

Check Details

Version: 0.1.0
Check: dependencies in R code
Result: NOTE
    Namespace in Imports field not imported from: ‘glue’
     All declared Imports should be used.
Flavors: r-devel-linux-x86_64-fedora-clang, r-devel-linux-x86_64-fedora-gcc, r-release-macos-arm64, r-release-macos-x86_64, r-oldrel-macos-arm64, r-oldrel-macos-x86_64