Last updated on 2024-03-28 06:52:57 CET.
Flavor | Version | Tinstall | Tcheck | Ttotal | Status | Flags |
---|---|---|---|---|---|---|
r-devel-linux-x86_64-debian-clang | 0.3.0 | 6.24 | 42.27 | 48.51 | NOTE | |
r-devel-linux-x86_64-debian-gcc | 0.3.0 | 5.94 | 33.23 | 39.17 | NOTE | |
r-devel-linux-x86_64-fedora-clang | 0.3.0 | 64.07 | NOTE | |||
r-devel-linux-x86_64-fedora-gcc | 0.3.0 | 62.17 | NOTE | |||
r-devel-windows-x86_64 | 0.3.0 | 8.00 | 54.00 | 62.00 | NOTE | |
r-patched-linux-x86_64 | 0.3.0 | 9.14 | 41.09 | 50.23 | OK | |
r-release-linux-x86_64 | 0.3.0 | 7.02 | 42.56 | 49.58 | OK | |
r-release-macos-arm64 | 0.3.0 | 28.00 | OK | |||
r-release-macos-x86_64 | 0.3.0 | 62.00 | OK | |||
r-release-windows-x86_64 | 0.3.0 | 10.00 | 59.00 | 69.00 | OK | |
r-oldrel-macos-arm64 | 0.3.0 | 27.00 | OK | |||
r-oldrel-windows-x86_64 | 0.3.0 | 11.00 | 61.00 | 72.00 | OK |
Version: 0.3.0
Check: Rd files
Result: NOTE
checkRd: (-1) plu_more.Rd:16: Lost braces; missing escapes or markup?
16 | Additional arguments are replaced with "{n} more".
| ^
Flavors: r-devel-linux-x86_64-debian-clang, r-devel-linux-x86_64-debian-gcc, r-devel-linux-x86_64-fedora-clang, r-devel-linux-x86_64-fedora-gcc, r-devel-windows-x86_64