Last updated on 2023-02-06 21:54:55 CET.
Flavor | Version | Tinstall | Tcheck | Ttotal | Status | Flags |
---|---|---|---|---|---|---|
r-devel-linux-x86_64-debian-clang | 0.2.9 | 35.18 | 230.91 | 266.09 | NOTE | |
r-devel-linux-x86_64-debian-gcc | 0.2.9 | 30.13 | 169.40 | 199.53 | NOTE | |
r-devel-linux-x86_64-fedora-clang | 0.2.9 | 334.15 | NOTE | |||
r-devel-linux-x86_64-fedora-gcc | 0.2.9 | 347.56 | NOTE | |||
r-devel-windows-x86_64 | 0.2.9 | 57.00 | 270.00 | 327.00 | NOTE | |
r-patched-linux-x86_64 | 0.2.9 | 36.47 | 215.85 | 252.32 | OK | |
r-release-linux-x86_64 | 0.2.9 | 26.60 | 212.44 | 239.04 | OK | |
r-release-macos-arm64 | 0.2.9 | 58.00 | OK | |||
r-release-macos-x86_64 | 0.2.9 | 129.00 | OK | |||
r-release-windows-x86_64 | 0.2.9 | 73.00 | 272.00 | 345.00 | OK | |
r-oldrel-macos-arm64 | 0.2.9 | 56.00 | OK | |||
r-oldrel-macos-x86_64 | 0.2.9 | 119.00 | OK | |||
r-oldrel-windows-ix86+x86_64 | 0.2.9 | 63.00 | 265.00 | 328.00 | OK |
Version: 0.2.9
Check: Rd files
Result: NOTE
checkRd: (-1) PLS_beta_wvc.Rd:5: Escaped LaTeX specials: \_
checkRd: (-1) plsRbeta.Rd:104: Escaped LaTeX specials: \^
Flavors: r-devel-linux-x86_64-debian-clang, r-devel-linux-x86_64-debian-gcc, r-devel-linux-x86_64-fedora-clang, r-devel-linux-x86_64-fedora-gcc, r-devel-windows-x86_64