Last updated on 2024-03-29 04:06:01 CET.
Flavor | Version | Tinstall | Tcheck | Ttotal | Status | Flags |
---|---|---|---|---|---|---|
r-devel-linux-x86_64-debian-clang | 2.8-3 | 6.41 | 71.31 | 77.72 | OK | |
r-devel-linux-x86_64-debian-gcc | 2.8-3 | 5.95 | 55.74 | 61.69 | OK | |
r-devel-linux-x86_64-fedora-clang | 2.8-3 | 97.12 | NOTE | |||
r-devel-linux-x86_64-fedora-gcc | 2.8-3 | 108.72 | OK | |||
r-devel-windows-x86_64 | 2.8-3 | 6.00 | 93.00 | 99.00 | OK | |
r-patched-linux-x86_64 | 2.8-3 | 8.86 | 71.34 | 80.20 | OK | |
r-release-linux-x86_64 | 2.8-3 | 7.59 | 71.75 | 79.34 | OK | |
r-release-macos-arm64 | 2.8-3 | 50.00 | NOTE | |||
r-release-macos-x86_64 | 2.8-3 | 173.00 | NOTE | |||
r-release-windows-x86_64 | 2.8-3 | 8.00 | 96.00 | 104.00 | OK | |
r-oldrel-macos-arm64 | 2.8-3 | 41.00 | NOTE | |||
r-oldrel-windows-x86_64 | 2.8-3 | 9.00 | 93.00 | 102.00 | OK |
Version: 2.8-3
Check: Rd cross-references
Result: NOTE
Undeclared package ‘sm’ in Rd xrefs
Flavor: r-devel-linux-x86_64-fedora-clang
Version: 2.8-3
Check: package dependencies
Result: NOTE
Package suggested but not available for checking: ‘Rmpi’
Flavors: r-release-macos-arm64, r-release-macos-x86_64, r-oldrel-macos-arm64