CRAN Package Check Results for Package plotscale

Last updated on 2020-09-24 12:50:48 CEST.

Flavor Version Tinstall Tcheck Ttotal Status Flags
r-devel-linux-x86_64-debian-clang 0.1.6 2.58 43.01 45.59 OK
r-devel-linux-x86_64-debian-gcc 0.1.6 1.92 33.41 35.33 OK
r-devel-linux-x86_64-fedora-clang 0.1.6 62.27 NOTE
r-devel-linux-x86_64-fedora-gcc 0.1.6 53.98 NOTE
r-devel-windows-ix86+x86_64 0.1.6 6.00 51.00 57.00 OK
r-patched-linux-x86_64 0.1.6 2.25 41.44 43.69 OK
r-patched-solaris-x86 0.1.6 71.70 NOTE
r-release-linux-x86_64 0.1.6 2.19 42.34 44.53 OK
r-release-macos-x86_64 0.1.6 NOTE
r-release-windows-ix86+x86_64 0.1.6 5.00 64.00 69.00 OK
r-oldrel-macos-x86_64 0.1.6 NOTE
r-oldrel-windows-ix86+x86_64 0.1.6 3.00 70.00 73.00 OK

Check Details

Version: 0.1.6
Check: dependencies in R code
Result: NOTE
    Namespace in Imports field not imported from: ‘graphics’
     All declared Imports should be used.
Flavors: r-devel-linux-x86_64-fedora-clang, r-devel-linux-x86_64-fedora-gcc, r-patched-solaris-x86, r-release-macos-x86_64, r-oldrel-macos-x86_64