CRAN Package Check Results for Package plotGMM

Last updated on 2022-11-29 05:53:26 CET.

Flavor Version Tinstall Tcheck Ttotal Status Flags
r-devel-linux-x86_64-debian-clang 0.2.2 1.71 45.16 46.87 NOTE
r-devel-linux-x86_64-debian-gcc 0.2.2 1.71 34.01 35.72 NOTE
r-devel-linux-x86_64-fedora-clang 0.2.2 68.32 NOTE
r-devel-linux-x86_64-fedora-gcc 0.2.2 66.40 NOTE
r-devel-windows-x86_64 0.2.2 7.00 77.00 84.00 NOTE
r-patched-linux-x86_64 0.2.2 2.24 42.87 45.11 NOTE
r-release-linux-x86_64 0.2.2 2.16 42.48 44.64 NOTE
r-release-macos-arm64 0.2.2 22.00 NOTE
r-release-macos-x86_64 0.2.2 41.00 NOTE
r-release-windows-x86_64 0.2.2 10.00 79.00 89.00 NOTE
r-oldrel-macos-arm64 0.2.2 26.00 NOTE
r-oldrel-macos-x86_64 0.2.2 42.00 NOTE
r-oldrel-windows-ix86+x86_64 0.2.2 6.00 70.00 76.00 NOTE

Check Details

Version: 0.2.2
Check: LazyData
Result: NOTE
     'LazyData' is specified without a 'data' directory
Flavors: r-devel-linux-x86_64-debian-clang, r-devel-linux-x86_64-debian-gcc, r-devel-linux-x86_64-fedora-clang, r-devel-linux-x86_64-fedora-gcc, r-devel-windows-x86_64, r-patched-linux-x86_64, r-release-linux-x86_64, r-release-macos-arm64, r-release-macos-x86_64, r-release-windows-x86_64, r-oldrel-macos-arm64, r-oldrel-macos-x86_64, r-oldrel-windows-ix86+x86_64