Last updated on 2024-04-18 06:09:55 CEST.
Flavor | Version | Tinstall | Tcheck | Ttotal | Status | Flags |
---|---|---|---|---|---|---|
r-devel-linux-x86_64-debian-clang | 0.1.0 | 8.40 | 62.47 | 70.87 | OK | |
r-devel-linux-x86_64-debian-gcc | 0.1.0 | 6.43 | 47.38 | 53.81 | OK | |
r-devel-linux-x86_64-fedora-clang | 0.1.0 | 92.26 | NOTE | |||
r-devel-linux-x86_64-fedora-gcc | 0.1.0 | 83.73 | NOTE | |||
r-prerel-macos-arm64 | 0.1.0 | 30.00 | OK | |||
r-prerel-windows-x86_64 | 0.1.0 | 9.00 | 67.00 | 76.00 | OK | |
r-patched-linux-x86_64 | 0.1.0 | 7.92 | 59.70 | 67.62 | OK | |
r-release-linux-x86_64 | 0.1.0 | 5.27 | 57.68 | 62.95 | OK | |
r-release-macos-arm64 | 0.1.0 | 30.00 | OK | |||
r-release-macos-x86_64 | 0.1.0 | 44.00 | OK | |||
r-release-windows-x86_64 | 0.1.0 | 12.00 | 74.00 | 86.00 | OK | |
r-oldrel-macos-arm64 | 0.1.0 | 30.00 | NOTE | |||
r-oldrel-windows-x86_64 | 0.1.0 | 13.00 | 81.00 | 94.00 | OK |
Version: 0.1.0
Check: dependencies in R code
Result: NOTE
Namespace in Imports field not imported from: ‘mapproj’
All declared Imports should be used.
Flavors: r-devel-linux-x86_64-fedora-clang, r-devel-linux-x86_64-fedora-gcc, r-oldrel-macos-arm64
Version: 0.1.0
Check: data for non-ASCII characters
Result: NOTE
Note: found 12992 marked UTF-8 strings
Flavors: r-devel-linux-x86_64-fedora-clang, r-devel-linux-x86_64-fedora-gcc, r-oldrel-macos-arm64