Last updated on 2023-09-26 21:14:52 CEST.
Flavor | Version | Tinstall | Tcheck | Ttotal | Status | Flags |
---|---|---|---|---|---|---|
r-devel-linux-x86_64-debian-clang | 2.2.5 | 28.31 | 68.35 | 96.66 | NOTE | |
r-devel-linux-x86_64-debian-gcc | 2.2.5 | 18.68 | 50.86 | 69.54 | NOTE | |
r-devel-linux-x86_64-fedora-clang | 2.2.5 | 118.40 | NOTE | |||
r-devel-linux-x86_64-fedora-gcc | 2.2.5 | 117.39 | NOTE | |||
r-devel-windows-x86_64 | 2.2.5 | 23.00 | 93.00 | 116.00 | NOTE | |
r-patched-linux-x86_64 | 2.2.5 | 22.97 | 67.07 | 90.04 | NOTE | |
r-release-linux-x86_64 | 2.2.5 | 25.87 | 68.08 | 93.95 | NOTE | |
r-release-macos-arm64 | 2.2.5 | 36.00 | NOTE | |||
r-release-macos-x86_64 | 2.2.5 | 57.00 | NOTE | |||
r-release-windows-x86_64 | 2.2.5 | 25.00 | 108.00 | 133.00 | NOTE | |
r-oldrel-macos-arm64 | 2.2.5 | 36.00 | OK | |||
r-oldrel-macos-x86_64 | 2.2.5 | 42.00 | OK | |||
r-oldrel-windows-x86_64 | 2.2.5 | 28.00 | 102.00 | 130.00 | OK |
Version: 2.2.5
Check: C++ specification
Result: NOTE
Specified C++11: please drop specification unless essential
Flavors: r-devel-linux-x86_64-debian-clang, r-devel-linux-x86_64-debian-gcc, r-devel-linux-x86_64-fedora-clang, r-devel-linux-x86_64-fedora-gcc, r-devel-windows-x86_64, r-patched-linux-x86_64, r-release-linux-x86_64, r-release-macos-arm64, r-release-macos-x86_64, r-release-windows-x86_64