Last updated on 2025-02-22 21:51:27 CET.
Flavor | Version | Tinstall | Tcheck | Ttotal | Status | Flags |
---|---|---|---|---|---|---|
r-devel-linux-x86_64-debian-clang | 0.4.3 | 7.12 | 85.47 | 92.59 | NOTE | |
r-devel-linux-x86_64-debian-gcc | 0.4.3 | 4.83 | 62.15 | 66.98 | NOTE | |
r-devel-linux-x86_64-fedora-clang | 0.4.3 | 147.02 | NOTE | |||
r-devel-linux-x86_64-fedora-gcc | 0.4.3 | 159.87 | NOTE | |||
r-devel-macos-arm64 | 0.4.3 | 55.00 | OK | |||
r-devel-macos-x86_64 | 0.4.3 | 105.00 | NOTE | |||
r-devel-windows-x86_64 | 0.4.3 | 8.00 | 98.00 | 106.00 | NOTE | |
r-patched-linux-x86_64 | 0.4.3 | 6.81 | 79.55 | 86.36 | OK | |
r-release-linux-x86_64 | 0.4.3 | 5.67 | 79.89 | 85.56 | OK | |
r-release-macos-arm64 | 0.4.3 | 58.00 | OK | |||
r-release-macos-x86_64 | 0.4.3 | 116.00 | OK | |||
r-release-windows-x86_64 | 0.4.3 | 9.00 | 97.00 | 106.00 | OK | |
r-oldrel-macos-arm64 | 0.4.2 | 60.00 | OK | |||
r-oldrel-macos-x86_64 | 0.4.3 | 92.00 | OK | |||
r-oldrel-windows-x86_64 | 0.4.3 | 11.00 | 116.00 | 127.00 | OK |
Version: 0.4.3
Check: DESCRIPTION meta-information
Result: NOTE
Missing dependency on R >= 4.1.0 because package code uses the pipe
|> or function shorthand \(...) syntax added in R 4.1.0.
File(s) using such syntax:
‘const_dmd.R’ ‘month_to_week.R’ ‘month_to_weekx.R’ ‘proj_git.R’
‘ssl.R’
Flavors: r-devel-linux-x86_64-debian-clang, r-devel-linux-x86_64-debian-gcc, r-devel-linux-x86_64-fedora-clang, r-devel-linux-x86_64-fedora-gcc, r-devel-macos-x86_64, r-devel-windows-x86_64