Last updated on 2023-03-26 06:53:33 CEST.
Flavor | Version | Tinstall | Tcheck | Ttotal | Status | Flags |
---|---|---|---|---|---|---|
r-devel-linux-x86_64-debian-clang | 0.1.1 | 13.22 | 50.10 | 63.32 | NOTE | |
r-devel-linux-x86_64-debian-gcc | 0.1.1 | 10.71 | 37.79 | 48.50 | NOTE | |
r-devel-linux-x86_64-fedora-clang | 0.1.1 | 91.59 | NOTE | |||
r-devel-linux-x86_64-fedora-gcc | 0.1.1 | 86.75 | NOTE | |||
r-patched-linux-x86_64 | 0.1.1 | 12.06 | 48.25 | 60.31 | NOTE | |
r-release-linux-x86_64 | 0.1.1 | 7.66 | 47.72 | 55.38 | OK | |
r-release-macos-arm64 | 0.1.1 | 31.00 | NOTE | |||
r-release-macos-x86_64 | 0.1.1 | 44.00 | NOTE | |||
r-release-windows-x86_64 | 0.1.1 | 60.00 | 106.00 | 166.00 | NOTE | |
r-oldrel-macos-arm64 | 0.1.1 | 25.00 | NOTE | |||
r-oldrel-macos-x86_64 | 0.1.1 | 45.00 | NOTE | |||
r-oldrel-windows-ix86+x86_64 | 0.1.1 | 36.00 | 109.00 | 145.00 | NOTE |
Version: 0.1.1
Check: C++ specification
Result: NOTE
Specified C++11: please drop specification unless essential
Flavors: r-devel-linux-x86_64-debian-clang, r-devel-linux-x86_64-debian-gcc, r-devel-linux-x86_64-fedora-clang, r-devel-linux-x86_64-fedora-gcc, r-patched-linux-x86_64
Version: 0.1.1
Check: installed package size
Result: NOTE
installed size is 5.7Mb
sub-directories of 1Mb or more:
bin 3.4Mb
doc 1.2Mb
Flavors: r-release-macos-arm64, r-release-macos-x86_64, r-release-windows-x86_64, r-oldrel-macos-arm64, r-oldrel-macos-x86_64, r-oldrel-windows-ix86+x86_64
Version: 0.1.1
Check: dependencies in R code
Result: NOTE
Initiating curl with CURL_SSL_BACKEND: openssl
Flavor: r-oldrel-windows-ix86+x86_64