Last updated on 2024-04-18 06:09:55 CEST.
Flavor | Version | Tinstall | Tcheck | Ttotal | Status | Flags |
---|---|---|---|---|---|---|
r-devel-linux-x86_64-debian-clang | 1.3.0 | 9.84 | 129.08 | 138.92 | OK | |
r-devel-linux-x86_64-debian-gcc | 1.3.0 | 8.63 | 92.67 | 101.30 | OK | |
r-devel-linux-x86_64-fedora-clang | 1.3.0 | 173.64 | OK | |||
r-devel-linux-x86_64-fedora-gcc | 1.3.0 | 181.67 | OK | |||
r-prerel-macos-arm64 | 1.3.0 | 66.00 | ERROR | |||
r-prerel-windows-x86_64 | 1.3.0 | 11.00 | 123.00 | 134.00 | OK | |
r-patched-linux-x86_64 | 1.3.0 | 12.39 | 119.79 | 132.18 | OK | |
r-release-linux-x86_64 | 1.3.0 | 10.68 | 120.73 | 131.41 | OK | |
r-release-macos-arm64 | 1.3.0 | 71.00 | OK | |||
r-release-macos-x86_64 | 1.3.0 | 143.00 | OK | |||
r-release-windows-x86_64 | 1.3.0 | 16.00 | 146.00 | 162.00 | OK | |
r-oldrel-macos-arm64 | 1.3.0 | 68.00 | OK | |||
r-oldrel-windows-x86_64 | 1.3.0 | 16.00 | 137.00 | 153.00 | OK |
Version: 1.3.0
Check: tests
Result: ERROR
Running ‘testthat.R’ [5s/5s]
Running the tests in ‘tests/testthat.R’ failed.
Last 13 lines of output:
Error in `parquet___WriterProperties___Builder__create()`: Cannot call parquet___WriterProperties___Builder__create(). See https://arrow.apache.org/docs/r/articles/install.html for help installing Arrow C++ libraries.
Backtrace:
▆
1. └─pins::pin_write(board, df, "df-2", type = "parquet") at test-pin-read-write.R:11:3
2. └─pins:::object_write(x, path, type = type)
3. └─pins:::write_parquet(x, path)
4. └─arrow::write_parquet(x, path)
5. ├─ParquetFileWriter$create(...)
6. │ └─arrow:::parquet___arrow___ParquetFileWriter__Open(...)
7. └─ParquetWriterProperties$create(...)
8. └─arrow:::parquet___WriterProperties___Builder__create()
[ FAIL 1 | WARN 0 | SKIP 58 | PASS 159 ]
Error: Test failures
Execution halted
Flavor: r-prerel-macos-arm64