CRAN Package Check Results for Package pingr

Last updated on 2022-01-24 12:52:19 CET.

Flavor Version Tinstall Tcheck Ttotal Status Flags
r-devel-linux-x86_64-debian-clang 2.0.1 2.84 30.58 33.42 NOTE
r-devel-linux-x86_64-debian-gcc 2.0.1 2.27 24.12 26.39 NOTE
r-devel-linux-x86_64-fedora-clang 2.0.1 42.38 NOTE
r-devel-linux-x86_64-fedora-gcc 2.0.1 31.67 NOTE
r-devel-windows-x86_64-new-UL 2.0.1 23.00 51.00 74.00 NOTE
r-devel-windows-x86_64-new-TK 2.0.1 NOTE
r-patched-linux-x86_64 2.0.1 3.10 29.78 32.88 NOTE
r-release-linux-x86_64 2.0.1 3.16 29.67 32.83 NOTE
r-release-macos-arm64 2.0.1 NOTE
r-release-macos-x86_64 2.0.1 NOTE
r-release-windows-ix86+x86_64 2.0.1 17.00 47.00 64.00 NOTE
r-oldrel-macos-x86_64 2.0.1 OK
r-oldrel-windows-ix86+x86_64 2.0.1 17.00 46.00 63.00 OK

Check Details

Version: 2.0.1
Check: LazyData
Result: NOTE
     'LazyData' is specified without a 'data' directory
Flavors: r-devel-linux-x86_64-debian-clang, r-devel-linux-x86_64-debian-gcc, r-devel-linux-x86_64-fedora-clang, r-devel-linux-x86_64-fedora-gcc, r-devel-windows-x86_64-new-UL, r-devel-windows-x86_64-new-TK, r-patched-linux-x86_64, r-release-linux-x86_64, r-release-macos-arm64, r-release-macos-x86_64, r-release-windows-ix86+x86_64