CRAN Package Check Results for Package pimeta

Last updated on 2023-04-02 06:50:36 CEST.

Flavor Version Tinstall Tcheck Ttotal Status Flags
r-devel-linux-x86_64-debian-clang 1.1.3 43.54 61.42 104.96 OK
r-devel-linux-x86_64-debian-gcc 1.1.3 34.41 45.20 79.61 OK
r-devel-linux-x86_64-fedora-clang 1.1.3 137.36 NOTE
r-devel-linux-x86_64-fedora-gcc 1.1.3 141.20 NOTE
r-devel-windows-x86_64 1.1.3 50.00 113.00 163.00 OK
r-patched-linux-x86_64 1.1.3 34.58 58.18 92.76 OK
r-release-linux-x86_64 1.1.3 34.84 58.75 93.59 OK
r-release-macos-arm64 1.1.3 45.00 NOTE
r-release-macos-x86_64 1.1.3 85.00 NOTE
r-release-windows-x86_64 1.1.3 46.00 117.00 163.00 OK
r-oldrel-macos-arm64 1.1.3 58.00 NOTE
r-oldrel-macos-x86_64 1.1.3 84.00 NOTE
r-oldrel-windows-ix86+x86_64 1.1.3 94.00 117.00 211.00 OK

Check Details

Version: 1.1.3
Check: dependencies in R code
Result: NOTE
    Namespace in Imports field not imported from: ‘utils’
     All declared Imports should be used.
Flavors: r-devel-linux-x86_64-fedora-clang, r-devel-linux-x86_64-fedora-gcc, r-release-macos-arm64, r-release-macos-x86_64, r-oldrel-macos-arm64, r-oldrel-macos-x86_64

Version: 1.1.3
Check: installed package size
Result: NOTE
     installed size is 12.4Mb
     sub-directories of 1Mb or more:
     libs 12.1Mb
Flavors: r-release-macos-arm64, r-release-macos-x86_64, r-oldrel-macos-arm64, r-oldrel-macos-x86_64