CRAN Package Check Results for Package pillar

Last updated on 2020-08-11 03:47:58 CEST.

Flavor Version Tinstall Tcheck Ttotal Status Flags
r-devel-linux-x86_64-debian-clang 1.4.6 4.95 37.69 42.64 OK
r-devel-linux-x86_64-debian-gcc 1.4.6 3.55 41.18 44.73 OK
r-devel-linux-x86_64-fedora-clang 1.4.6 76.48 OK
r-devel-linux-x86_64-fedora-gcc 1.4.6 66.21 OK
r-devel-windows-ix86+x86_64 1.4.6 16.00 73.00 89.00 OK
r-patched-linux-x86_64 1.4.6 4.94 53.69 58.63 OK
r-patched-solaris-x86 1.4.6 92.80 WARN
r-release-linux-x86_64 1.4.6 5.10 53.92 59.02 OK
r-release-macos-x86_64 1.4.6 OK
r-release-windows-ix86+x86_64 1.4.6 13.00 70.00 83.00 OK
r-oldrel-macos-x86_64 1.4.6 OK
r-oldrel-windows-ix86+x86_64 1.4.6 8.00 52.00 60.00 OK

Check Details

Version: 1.4.6
Check: for unstated dependencies in ‘tests’
Result: WARN
    Warning in deparse(e[[2L]]) :
     it is not known that wchar_t is Unicode on this platform
    Warning in deparse(e[[2L]]) :
     it is not known that wchar_t is Unicode on this platform
    Warning in deparse(e[[2L]]) :
     it is not known that wchar_t is Unicode on this platform
    Warning in deparse(e[[2L]]) :
     it is not known that wchar_t is Unicode on this platform
    Warning in deparse(e[[2L]]) :
     it is not known that wchar_t is Unicode on this platform
    Warning in deparse(e[[2L]]) :
     it is not known that wchar_t is Unicode on this platform
    Warning in deparse(e[[2L]]) :
     it is not known that wchar_t is Unicode on this platform
    Warning in deparse(e[[2L]]) :
     it is not known that wchar_t is Unicode on this platform
    Warning in deparse(e[[2L]]) :
     it is not known that wchar_t is Unicode on this platform
    Warning in deparse(e[[2L]]) :
     it is not known that wchar_t is Unicode on this platform
Flavor: r-patched-solaris-x86