Last updated on 2023-03-31 21:53:11 CEST.
Flavor | Version | Tinstall | Tcheck | Ttotal | Status | Flags |
---|---|---|---|---|---|---|
r-devel-linux-x86_64-debian-clang | 1.3.1 | 19.04 | 82.39 | 101.43 | NOTE | |
r-devel-linux-x86_64-debian-gcc | 1.3.1 | 15.49 | 64.86 | 80.35 | NOTE | |
r-devel-linux-x86_64-fedora-clang | 1.3.1 | 128.15 | NOTE | |||
r-devel-linux-x86_64-fedora-gcc | 1.3.1 | 134.38 | NOTE | |||
r-devel-windows-x86_64 | 1.3.1 | 293.00 | 0.00 | 293.00 | NOTE | |
r-patched-linux-x86_64 | 1.3.1 | 21.87 | 79.95 | 101.82 | NOTE | |
r-release-linux-x86_64 | 1.3.1 | 15.45 | 79.64 | 95.09 | OK | |
r-release-macos-arm64 | 1.3.1 | 40.00 | NOTE | |||
r-release-macos-x86_64 | 1.3.1 | 60.00 | NOTE | |||
r-release-windows-x86_64 | 1.3.1 | 250.00 | 136.00 | 386.00 | OK | |
r-oldrel-macos-arm64 | 1.3.1 | 50.00 | NOTE | |||
r-oldrel-macos-x86_64 | 1.3.1 | 79.00 | NOTE | |||
r-oldrel-windows-ix86+x86_64 | 1.3.1 | 40.00 | 135.00 | 175.00 | OK |
Version: 1.3.1
Check: C++ specification
Result: NOTE
Specified C++11: please drop specification unless essential
Flavors: r-devel-linux-x86_64-debian-clang, r-devel-linux-x86_64-debian-gcc, r-devel-linux-x86_64-fedora-clang, r-devel-linux-x86_64-fedora-gcc, r-devel-windows-x86_64, r-patched-linux-x86_64
Version: 1.3.1
Check: installed package size
Result: NOTE
installed size is 6.0Mb
sub-directories of 1Mb or more:
libs 5.0Mb
Flavors: r-release-macos-arm64, r-release-macos-x86_64, r-oldrel-macos-arm64, r-oldrel-macos-x86_64