CRAN Package Check Results for Package picante

Last updated on 2024-03-03 12:52:56 CET.

Flavor Version Tinstall Tcheck Ttotal Status Flags
r-devel-linux-x86_64-debian-clang 1.8.2 14.20 113.21 127.41 NOTE
r-devel-linux-x86_64-debian-gcc 1.8.2 10.77 85.09 95.86 NOTE
r-devel-linux-x86_64-fedora-clang 1.8.2 166.38 NOTE
r-devel-linux-x86_64-fedora-gcc 1.8.2 160.41 NOTE
r-devel-windows-x86_64 1.8.2 14.00 125.00 139.00 NOTE
r-patched-linux-x86_64 1.8.2 15.38 110.81 126.19 NOTE
r-release-linux-x86_64 1.8.2 15.50 110.62 126.12 NOTE
r-release-macos-arm64 1.8.2 58.00 NOTE
r-release-macos-x86_64 1.8.2 89.00 NOTE
r-release-windows-x86_64 1.8.2 17.00 140.00 157.00 NOTE
r-oldrel-macos-arm64 1.8.2 53.00 OK
r-oldrel-windows-x86_64 1.8.2 17.00 139.00 156.00 OK

Check Details

Version: 1.8.2
Check: Rd files
Result: NOTE checkRd: (-1) IvesGodfray.Rd:12: Lost braces in \itemize; meant \describe ? checkRd: (-1) IvesGodfray.Rd:13: Lost braces in \itemize; meant \describe ? checkRd: (-1) IvesGodfray.Rd:14: Lost braces in \itemize; meant \describe ? checkRd: (-1) Kcalc.Rd:13: Escaped LaTeX specials: \$ checkRd: (-1) phylocom.Rd:12: Lost braces in \itemize; meant \describe ? checkRd: (-1) phylocom.Rd:13: Lost braces in \itemize; meant \describe ? checkRd: (-1) phylocom.Rd:14: Lost braces in \itemize; meant \describe ? checkRd: (-1) phylosignal.Rd:13: Escaped LaTeX specials: \$ checkRd: (-1) sample2matrix.Rd:15: Lost braces in \itemize; meant \describe ? checkRd: (-1) sample2matrix.Rd:16: Lost braces in \itemize; meant \describe ? checkRd: (-1) sample2matrix.Rd:17: Lost braces in \itemize; meant \describe ? checkRd: (-1) traitgram.Rd:14: Escaped LaTeX specials: \$ checkRd: (-1) utility.Rd:37: Escaped LaTeX specials: \$ \$ Flavors: r-devel-linux-x86_64-debian-clang, r-devel-linux-x86_64-debian-gcc, r-devel-linux-x86_64-fedora-clang, r-devel-linux-x86_64-fedora-gcc

Version: 1.8.2
Check: Rd files
Result: NOTE checkRd: (-1) Kcalc.Rd:13: Escaped LaTeX specials: \$ checkRd: (-1) phylosignal.Rd:13: Escaped LaTeX specials: \$ checkRd: (-1) traitgram.Rd:14: Escaped LaTeX specials: \$ checkRd: (-1) utility.Rd:37: Escaped LaTeX specials: \$ \$ Flavors: r-devel-windows-x86_64, r-patched-linux-x86_64, r-release-linux-x86_64, r-release-macos-arm64, r-release-macos-x86_64, r-release-windows-x86_64