CRAN Package Check Results for Package phytools

Last updated on 2022-01-19 06:49:55 CET.

Flavor Version Tinstall Tcheck Ttotal Status Flags
r-devel-linux-x86_64-debian-clang 1.0-1 OK
r-devel-linux-x86_64-debian-gcc 1.0-1 44.13 222.69 266.82 OK
r-devel-linux-x86_64-fedora-clang 1.0-1 446.82 OK
r-devel-linux-x86_64-fedora-gcc 1.0-1 407.81 OK
r-devel-windows-x86_64-new-UL 1.0-1 338.00 293.00 631.00 OK
r-devel-windows-x86_64-new-TK 1.0-1 OK
r-patched-linux-x86_64 1.0-1 56.35 294.65 351.00 OK
r-release-linux-x86_64 1.0-1 OK
r-release-macos-arm64 1.0-1 OK
r-release-macos-x86_64 1.0-1 OK
r-release-windows-ix86+x86_64 1.0-1 78.00 319.00 397.00 OK
r-oldrel-macos-x86_64 0.7-90 OK
r-oldrel-windows-ix86+x86_64 1.0-1 5.00 9.00 14.00 ERROR

Check Details

Version: 1.0-1
Check: whether package can be installed
Result: ERROR
    Installation failed.
Flavor: r-oldrel-windows-ix86+x86_64