CRAN Package Check Results for Package phylolm

Last updated on 2020-02-29 06:48:27 CET.

Flavor Version Tinstall Tcheck Ttotal Status Flags
r-devel-linux-x86_64-debian-clang 2.6 9.13 61.94 71.07 NOTE
r-devel-linux-x86_64-debian-gcc 2.6 7.37 47.70 55.07 NOTE
r-devel-linux-x86_64-fedora-clang 2.6 86.47 NOTE
r-devel-linux-x86_64-fedora-gcc 2.6 79.31 NOTE
r-devel-windows-ix86+x86_64 2.6 28.00 98.00 126.00 OK
r-devel-windows-ix86+x86_64-gcc8 2.6 17.00 100.00 117.00 OK
r-patched-linux-x86_64 2.6 6.67 56.30 62.97 NOTE
r-patched-solaris-x86 2.6 105.90 NOTE
r-release-linux-x86_64 2.6 6.83 56.63 63.46 WARN
r-release-windows-ix86+x86_64 2.6 14.00 132.00 146.00 OK
r-release-osx-x86_64 2.6 OK
r-oldrel-windows-ix86+x86_64 2.6 12.00 84.00 96.00 OK
r-oldrel-osx-x86_64 2.6 OK

Check Details

Version: 2.6
Check: Rd cross-references
Result: NOTE
    Unknown packages 'surface', 'bayou' in Rd xrefs
Flavors: r-devel-linux-x86_64-debian-clang, r-devel-linux-x86_64-debian-gcc, r-devel-linux-x86_64-fedora-clang, r-devel-linux-x86_64-fedora-gcc, r-patched-linux-x86_64, r-patched-solaris-x86

Version: 2.6
Check: Rd cross-references
Result: WARN
    Unknown packages ‘surface’, ‘bayou’ in Rd xrefs
Flavor: r-release-linux-x86_64