CRAN Package Check Results for Package photosynthesis

Last updated on 2022-01-20 12:52:25 CET.

Flavor Version Tinstall Tcheck Ttotal Status Flags
r-devel-linux-x86_64-debian-clang 2.0.1 OK
r-devel-linux-x86_64-debian-gcc 2.0.1 10.62 150.07 160.69 OK
r-devel-linux-x86_64-fedora-clang 2.0.1 258.60 NOTE
r-devel-linux-x86_64-fedora-gcc 2.0.1 244.27 NOTE
r-devel-windows-x86_64-new-UL 2.0.1 270.00 321.00 591.00 NOTE
r-devel-windows-x86_64-new-TK 2.0.1 FAIL
r-patched-linux-x86_64 2.0.1 16.24 198.88 215.12 OK
r-release-linux-x86_64 2.0.1 12.32 197.95 210.27 OK
r-release-macos-arm64 2.0.1 NOTE
r-release-macos-x86_64 2.0.1 NOTE
r-release-windows-ix86+x86_64 2.0.1 28.00 281.00 309.00 NOTE
r-oldrel-macos-x86_64 2.0.1 NOTE
r-oldrel-windows-ix86+x86_64 2.0.1 27.00 290.00 317.00 NOTE

Check Details

Version: 2.0.1
Check: installed package size
Result: NOTE
     installed size is 5.2Mb
     sub-directories of 1Mb or more:
     doc 3.4Mb
     help 1.1Mb
Flavors: r-devel-linux-x86_64-fedora-clang, r-devel-windows-x86_64-new-UL, r-release-macos-arm64, r-release-macos-x86_64, r-release-windows-ix86+x86_64, r-oldrel-macos-x86_64, r-oldrel-windows-ix86+x86_64

Version: 2.0.1
Check: dependencies in R code
Result: NOTE
    Namespace in Imports field not imported from: ‘future’
     All declared Imports should be used.
Flavors: r-devel-linux-x86_64-fedora-clang, r-devel-linux-x86_64-fedora-gcc, r-devel-windows-x86_64-new-TK, r-release-macos-arm64, r-release-macos-x86_64, r-oldrel-macos-x86_64

Version: 2.0.1
Check: re-building of vignette outputs
Result: FAIL
Flavor: r-devel-windows-x86_64-new-TK