Last updated on 2025-02-01 12:48:34 CET.
Flavor | Version | Tinstall | Tcheck | Ttotal | Status | Flags |
---|---|---|---|---|---|---|
r-devel-linux-x86_64-debian-clang | 0.5.2 | 5.46 | 50.30 | 55.76 | NOTE | |
r-devel-linux-x86_64-debian-gcc | 0.5.2 | 3.53 | 37.23 | 40.76 | NOTE | |
r-devel-linux-x86_64-fedora-clang | 0.5.2 | 89.83 | OK | |||
r-devel-linux-x86_64-fedora-gcc | 0.5.2 | 97.03 | OK | |||
r-devel-windows-x86_64 | 0.5.2 | 8.00 | 86.00 | 94.00 | NOTE | |
r-patched-linux-x86_64 | 0.5.2 | 11.83 | 46.91 | 58.74 | OK | |
r-release-linux-x86_64 | 0.5.2 | 5.35 | 47.31 | 52.66 | OK | |
r-release-macos-arm64 | 0.5.2 | 37.00 | OK | |||
r-release-macos-x86_64 | 0.5.2 | 63.00 | OK | |||
r-release-windows-x86_64 | 0.5.2 | 6.00 | 87.00 | 93.00 | OK | |
r-oldrel-macos-arm64 | 0.5.2 | 45.00 | OK | |||
r-oldrel-macos-x86_64 | 0.5.2 | 70.00 | OK | |||
r-oldrel-windows-x86_64 | 0.5.2 | 8.00 | 96.00 | 104.00 | OK |
Version: 0.5.2
Check: Rd cross-references
Result: NOTE
Found the following Rd file(s) with Rd \link{} targets missing package
anchors:
Blue.Rd: new_waveband, waveband
DNA_GM.Rd: new_waveband, waveband
DNA_N.Rd: new_waveband, waveband
DNA_P.Rd: new_waveband, waveband
GEN_M.Rd: new_waveband, waveband
IR.Rd: new_waveband, waveband
Purple.Rd: new_waveband, waveband
UV.Rd: new_waveband, waveband
UVC.Rd: new_waveband, waveband
UV_health_hazard.Rd: new_waveband, waveband
Please provide package anchors for all Rd \link{} targets not in the
package itself and the base packages.
Flavors: r-devel-linux-x86_64-debian-clang, r-devel-linux-x86_64-debian-gcc, r-devel-windows-x86_64