CRAN Package Check Results for Package phonfieldwork

Last updated on 2022-10-01 12:56:19 CEST.

Flavor Version Tinstall Tcheck Ttotal Status Flags
r-devel-linux-x86_64-debian-clang 0.0.11 7.64 67.08 74.72 NOTE
r-devel-linux-x86_64-debian-gcc 0.0.11 5.60 51.41 57.01 NOTE
r-devel-linux-x86_64-fedora-clang 0.0.11 102.99 NOTE
r-devel-linux-x86_64-fedora-gcc 0.0.11 96.73 NOTE
r-devel-windows-x86_64 0.0.11 67.00 118.00 185.00 NOTE
r-patched-linux-x86_64 0.0.11 7.72 64.31 72.03 NOTE
r-release-linux-x86_64 0.0.11 5.98 64.07 70.05 NOTE
r-release-macos-arm64 0.0.11 32.00 NOTE
r-release-macos-x86_64 0.0.11 45.00 NOTE
r-release-windows-x86_64 0.0.11 81.00 110.00 191.00 NOTE
r-oldrel-macos-arm64 0.0.11 37.00 NOTE
r-oldrel-macos-x86_64 0.0.11 47.00 NOTE
r-oldrel-windows-ix86+x86_64 0.0.11 17.00 95.00 112.00 NOTE

Check Details

Version: 0.0.11
Check: LazyData
Result: NOTE
     'LazyData' is specified without a 'data' directory
Flavors: r-devel-linux-x86_64-debian-clang, r-devel-linux-x86_64-debian-gcc, r-devel-linux-x86_64-fedora-clang, r-devel-linux-x86_64-fedora-gcc, r-devel-windows-x86_64, r-patched-linux-x86_64, r-release-linux-x86_64, r-release-macos-arm64, r-release-macos-x86_64, r-release-windows-x86_64, r-oldrel-macos-arm64, r-oldrel-macos-x86_64, r-oldrel-windows-ix86+x86_64