Last updated on 2023-03-28 21:54:05 CEST.
Flavor | Version | Tinstall | Tcheck | Ttotal | Status | Flags |
---|---|---|---|---|---|---|
r-devel-linux-x86_64-debian-clang | 0.1.0 | 7.63 | 52.44 | 60.07 | OK | |
r-devel-linux-x86_64-debian-gcc | 0.1.0 | 5.68 | 40.91 | 46.59 | OK | |
r-devel-linux-x86_64-fedora-clang | 0.1.0 | 74.34 | NOTE | |||
r-devel-linux-x86_64-fedora-gcc | 0.1.0 | 89.88 | NOTE | |||
r-patched-linux-x86_64 | 0.1.0 | 6.92 | 50.46 | 57.38 | OK | |
r-release-linux-x86_64 | 0.1.0 | 5.07 | 55.29 | 60.36 | OK | |
r-release-macos-arm64 | 0.1.0 | 39.00 | NOTE | |||
r-release-macos-x86_64 | 0.1.0 | 60.00 | NOTE | |||
r-release-windows-x86_64 | 0.1.0 | 36.00 | 100.00 | 136.00 | OK | |
r-oldrel-macos-arm64 | 0.1.0 | 40.00 | NOTE | |||
r-oldrel-macos-x86_64 | 0.1.0 | 51.00 | NOTE | |||
r-oldrel-windows-ix86+x86_64 | 0.1.0 | 19.00 | 89.00 | 108.00 | OK |
Version: 0.1.0
Check: data for non-ASCII characters
Result: NOTE
Note: found 114 marked UTF-8 strings
Flavors: r-devel-linux-x86_64-fedora-clang, r-devel-linux-x86_64-fedora-gcc, r-release-macos-arm64, r-release-macos-x86_64, r-oldrel-macos-arm64, r-oldrel-macos-x86_64