CRAN Package Check Results for Package pheatmap

Last updated on 2022-11-29 05:53:26 CET.

Flavor Version Tinstall Tcheck Ttotal Status Flags
r-devel-linux-x86_64-debian-clang 1.0.12 4.05 38.27 42.32 NOTE
r-devel-linux-x86_64-debian-gcc 1.0.12 2.35 29.86 32.21 NOTE
r-devel-linux-x86_64-fedora-clang 1.0.12 64.04 NOTE
r-devel-linux-x86_64-fedora-gcc 1.0.12 61.43 NOTE
r-devel-windows-x86_64 1.0.12 10.00 65.00 75.00 OK
r-patched-linux-x86_64 1.0.12 5.95 36.63 42.58 NOTE
r-release-linux-x86_64 1.0.12 4.03 38.59 42.62 NOTE
r-release-macos-arm64 1.0.12 18.00 OK
r-release-macos-x86_64 1.0.12 28.00 OK
r-release-windows-x86_64 1.0.12 19.00 67.00 86.00 OK
r-oldrel-macos-arm64 1.0.12 23.00 OK
r-oldrel-macos-x86_64 1.0.12 33.00 OK
r-oldrel-windows-ix86+x86_64 1.0.12 9.00 62.00 71.00 OK

Check Details

Version: 1.0.12
Check: for non-standard things in the check directory
Result: NOTE
    Found the following files/directories:
     'test.pdf'
Flavors: r-devel-linux-x86_64-debian-clang, r-devel-linux-x86_64-debian-gcc, r-devel-linux-x86_64-fedora-clang, r-devel-linux-x86_64-fedora-gcc, r-patched-linux-x86_64, r-release-linux-x86_64