CRAN Package Check Results for Package pheatmap

Last updated on 2021-11-29 12:55:27 CET.

Flavor Version Tinstall Tcheck Ttotal Status Flags
r-devel-linux-x86_64-debian-clang 1.0.12 NOTE
r-devel-linux-x86_64-debian-gcc 1.0.12 2.96 25.46 28.42 NOTE
r-devel-linux-x86_64-fedora-clang 1.0.12 55.53 NOTE
r-devel-linux-x86_64-fedora-gcc 1.0.12 44.14 NOTE
r-devel-windows-x86_64-new-UL 1.0.12 7.00 68.00 75.00 OK
r-devel-windows-x86_64-new-TK 1.0.12 OK
r-devel-windows-x86_64-old 1.0.12 7.00 37.00 44.00 OK
r-patched-linux-x86_64 1.0.12 5.93 31.52 37.45 NOTE
r-patched-solaris-x86 1.0.12 66.90 NOTE
r-release-linux-x86_64 1.0.12 3.91 32.39 36.30 NOTE
r-release-macos-arm64 1.0.12 OK
r-release-macos-x86_64 1.0.12 OK
r-release-windows-ix86+x86_64 1.0.12 8.00 39.00 47.00 OK
r-oldrel-macos-x86_64 1.0.12 OK
r-oldrel-windows-ix86+x86_64 1.0.12 6.00 52.00 58.00 OK

Check Details

Version: 1.0.12
Check: for non-standard things in the check directory
Result: NOTE
    Found the following files/directories:
     'test.pdf'
Flavors: r-devel-linux-x86_64-debian-clang, r-devel-linux-x86_64-debian-gcc, r-devel-linux-x86_64-fedora-clang, r-devel-linux-x86_64-fedora-gcc, r-patched-linux-x86_64, r-patched-solaris-x86, r-release-linux-x86_64