Last updated on 2025-02-22 12:50:44 CET.
Flavor | Version | Tinstall | Tcheck | Ttotal | Status | Flags |
---|---|---|---|---|---|---|
r-devel-linux-x86_64-debian-clang | 0.2.1 | 112.11 | 210.29 | 322.40 | OK | |
r-devel-linux-x86_64-debian-gcc | 0.2.1 | 110.84 | 168.40 | 279.24 | OK | |
r-devel-linux-x86_64-fedora-clang | 0.2.1 | 538.48 | OK | |||
r-devel-linux-x86_64-fedora-gcc | 0.2.1 | 656.00 | OK | |||
r-devel-macos-arm64 | 0.2.1 | 152.00 | OK | |||
r-devel-macos-x86_64 | 0.2.1 | 451.00 | OK | |||
r-devel-windows-x86_64 | 0.2.1 | 125.00 | 288.00 | 413.00 | OK | |
r-patched-linux-x86_64 | 0.2.1 | 143.17 | 217.03 | 360.20 | NOTE | |
r-release-linux-x86_64 | 0.2.1 | 143.53 | 218.46 | 361.99 | NOTE | |
r-release-macos-arm64 | 0.2.1 | 88.00 | NOTE | |||
r-release-macos-x86_64 | 0.2.1 | 156.00 | NOTE | |||
r-release-windows-x86_64 | 0.2.1 | 126.00 | 299.00 | 425.00 | NOTE | |
r-oldrel-macos-arm64 | 0.2.1 | 111.00 | NOTE | |||
r-oldrel-macos-x86_64 | 0.2.1 | 249.00 | NOTE | |||
r-oldrel-windows-x86_64 | 0.2.1 | 165.00 | 326.00 | 491.00 | NOTE |
Version: 0.2.1
Check: for GNU extensions in Makefiles
Result: NOTE
GNU make is a SystemRequirements.
Flavors: r-patched-linux-x86_64, r-release-linux-x86_64, r-release-macos-arm64, r-release-macos-x86_64, r-release-windows-x86_64, r-oldrel-macos-arm64, r-oldrel-macos-x86_64, r-oldrel-windows-x86_64
Version: 0.2.1
Check: installed package size
Result: NOTE
installed size is 40.5Mb
sub-directories of 1Mb or more:
libs 40.2Mb
Flavors: r-release-macos-arm64, r-release-macos-x86_64, r-oldrel-macos-arm64, r-oldrel-macos-x86_64