CRAN Package Check Results for Package ph2mult

Last updated on 2023-09-26 12:07:35 CEST.

Flavor Version Tinstall Tcheck Ttotal Status Flags
r-devel-linux-x86_64-debian-clang 0.1.1 3.15 31.52 34.67 NOTE
r-devel-linux-x86_64-debian-gcc 0.1.1 2.14 23.69 25.83 NOTE
r-devel-linux-x86_64-fedora-clang 0.1.1 42.20 NOTE
r-devel-linux-x86_64-fedora-gcc 0.1.1 40.95 NOTE
r-devel-windows-x86_64 0.1.1 3.00 51.00 54.00 NOTE
r-patched-linux-x86_64 0.1.1 2.65 30.60 33.25 NOTE
r-release-linux-x86_64 0.1.1 2.62 30.95 33.57 NOTE
r-release-macos-arm64 0.1.1 17.00 NOTE
r-release-macos-x86_64 0.1.1 25.00 NOTE
r-release-windows-x86_64 0.1.1 3.00 48.00 51.00 NOTE
r-oldrel-macos-arm64 0.1.1 18.00 NOTE
r-oldrel-macos-x86_64 0.1.1 23.00 NOTE
r-oldrel-windows-x86_64 0.1.1 5.00 52.00 57.00 NOTE

Check Details

Version: 0.1.1
Check: LazyData
Result: NOTE
     'LazyData' is specified without a 'data' directory
Flavors: r-devel-linux-x86_64-debian-clang, r-devel-linux-x86_64-debian-gcc, r-devel-linux-x86_64-fedora-clang, r-devel-linux-x86_64-fedora-gcc, r-devel-windows-x86_64, r-patched-linux-x86_64, r-release-linux-x86_64, r-release-macos-arm64, r-release-macos-x86_64, r-release-windows-x86_64, r-oldrel-macos-arm64, r-oldrel-macos-x86_64, r-oldrel-windows-x86_64